{"id":1376,"date":"2024-06-27T15:05:26","date_gmt":"2024-06-27T13:05:26","guid":{"rendered":"http:\/\/www.ihr-ferienpartner.de\/mobil\/?page_id=1376"},"modified":"2024-06-27T15:05:27","modified_gmt":"2024-06-27T13:05:27","slug":"kalabrien","status":"publish","type":"page","link":"https:\/\/www.ihr-ferienpartner.de\/mobil\/kalabrien\/","title":{"rendered":"Kalabrien Reisen"},"content":{"rendered":"<div style=\"background-color: rgba(255,255,255,1);\">\n<div style=\"background-color: #ffffff; padding: 20px 20px 20px 20px;\">\n<h1>Kalabrien Reisen &#8211; Urlaub in Italiens S\u00fcden<\/h1>\n<p><img decoding=\"async\" src=\"https:\/\/www.ihr-ferienpartner.de\/Angebot\/Kalabrien.jpg\" alt=\"Willkommen auf der Kalabrien-Webseite von ihr-ferienpartner.de\" title=\"Reisen nach Kalabrien\"><br \/>\n<font size=\"-1\">Kalabrien steht f\u00fcr lange Str\u00e4nde, sch\u00f6ne Buchten, kristallklares Wasser, eine reizvolle Bergwelt und eine herzliche Gastfreundlichschaft. Ob Fans von Badeurlaub, Wanderurlaub oder der italienischen K\u00fcche, Kalabrien als Italiens warme Stiefelspitze ist ein sehr beliebtes Urlaubsziel.<\/font><\/p>\n<hr>\n<p><font size=\"-1\"><b><font color=\"b62b31\">unsere Hotel-Tipps in Kalabrien:<\/font><\/b> <a href=\"https:\/\/www.ihr-ferienpartner.de\/mobil\/labranda-rocca-nettuno-tropea\/\">LABRANDA Rocca Nettuno Tropea<\/a>, Tropea &#8211; <a href=\"https:\/\/www.ihr-ferienpartner.de\/mobil\/magic-life-calabria\/\">MAGIC LIFE Calabria<\/a>, Pizzo<\/font><\/p>\n<hr>\n<div id=\"ypsnet-ibe\" data-src=\"https:\/\/b2b.specials.de\/index\/jump\/119\/2780\/991880\/?action=dates&amp;regionId=1034,1040,81&amp;from=15&amp;to=316&amp;duration=7-7&amp;maxPrice=5000&amp;adults=2&amp;category=3&amp;minRecommrate=70\"><\/div>\n<p><script src=\"https:\/\/webmedia.ypsilon.net\/spl_js\/ypsnet-ibe.js\"><\/script><\/p>\n<\/div>\n<div style=\"background-color: #ffffff; padding: 20px 20px 20px 20px;\">\n<hr>\n<p><b>Pauschalreisen, Fr\u00fchbucher-Rabatte &amp; Last Minute-Angebote:<\/b><br \/>\nBuchen Sie Ihre Kalabrien-Reise und profitieren Sie u.a. vom Anbieter-Preisvergleich und Hotel-Rankings aus \u00fcber 1.000.000 authentischen Hotelbewertungen.<\/p>\n<p><img decoding=\"async\" src=\"https:\/\/www.ihr-ferienpartner.de\/Angebot\/Anbietervergleich.jpg\" alt=\"Reisen nach Kalabrien\" title=\"Reisen nach Kalabrien\"><\/p>\n<\/div>\n<\/div>\n","protected":false},"excerpt":{"rendered":"<p>Kalabrien Reisen &#8211; Urlaub in Italiens S\u00fcden Kalabrien steht f\u00fcr lange Str\u00e4nde, sch\u00f6ne Buchten, kristallklares Wasser, eine reizvolle Bergwelt und eine herzliche Gastfreundlichschaft. Ob Fans von Badeurlaub, Wanderurlaub oder der italienischen K\u00fcche, Kalabrien als Italiens warme Stiefelspitze ist ein sehr beliebtes Urlaubsziel. unsere Hotel-Tipps in Kalabrien: LABRANDA Rocca Nettuno Tropea, Tropea &#8211; MAGIC LIFE Calabria, [&hellip;]<\/p>\n","protected":false},"author":1,"featured_media":0,"parent":0,"menu_order":0,"comment_status":"closed","ping_status":"closed","template":"","meta":{"footnotes":""},"yoast_head":"<!-- This site is optimized with the Yoast SEO plugin v22.8 - https:\/\/yoast.com\/wordpress\/plugins\/seo\/ -->\n<title>Kalabrien Reisen - Fr\u00fchbucher &amp; Last Minute Urlaub<\/title>\n<meta name=\"description\" content=\"Buchen Sie Ihre Flugreise nach Italien mit Preisvergleich, Hotelbewertungen, flexiblen Terminen und ab allen relevanten Flughafen.\" \/>\n<meta name=\"robots\" content=\"index, follow, max-snippet:-1, max-image-preview:large, max-video-preview:-1\" \/>\n<link rel=\"canonical\" href=\"https:\/\/www.ihr-ferienpartner.de\/mobil\/kalabrien\/\" \/>\n<meta property=\"og:locale\" content=\"de_DE\" \/>\n<meta property=\"og:type\" content=\"article\" \/>\n<meta property=\"og:title\" content=\"Kalabrien Reisen - Fr\u00fchbucher &amp; Last Minute Urlaub\" \/>\n<meta property=\"og:description\" content=\"Buchen Sie Ihre Flugreise nach Italien mit Preisvergleich, Hotelbewertungen, flexiblen Terminen und ab allen relevanten Flughafen.\" \/>\n<meta property=\"og:url\" content=\"https:\/\/www.ihr-ferienpartner.de\/mobil\/kalabrien\/\" \/>\n<meta property=\"og:site_name\" content=\"FINDE DEIN SPONTANIEN - Reisen g\u00fcnstig buchen\" \/>\n<meta property=\"article:modified_time\" content=\"2024-06-27T13:05:27+00:00\" \/>\n<meta property=\"og:image\" content=\"https:\/\/www.ihr-ferienpartner.de\/Angebot\/Kalabrien.jpg\" \/>\n<meta name=\"twitter:card\" content=\"summary_large_image\" \/>\n<meta name=\"twitter:label1\" content=\"Gesch\u00e4tzte Lesezeit\" \/>\n\t<meta name=\"twitter:data1\" content=\"1\u00a0Minute\" \/>\n<script type=\"application\/ld+json\" class=\"yoast-schema-graph\">{\"@context\":\"https:\/\/schema.org\",\"@graph\":[{\"@type\":\"WebPage\",\"@id\":\"https:\/\/www.ihr-ferienpartner.de\/mobil\/kalabrien\/\",\"url\":\"https:\/\/www.ihr-ferienpartner.de\/mobil\/kalabrien\/\",\"name\":\"Kalabrien Reisen - Fr\u00fchbucher & Last Minute Urlaub\",\"isPartOf\":{\"@id\":\"https:\/\/www.ihr-ferienpartner.de\/mobil\/#website\"},\"primaryImageOfPage\":{\"@id\":\"https:\/\/www.ihr-ferienpartner.de\/mobil\/kalabrien\/#primaryimage\"},\"image\":{\"@id\":\"https:\/\/www.ihr-ferienpartner.de\/mobil\/kalabrien\/#primaryimage\"},\"thumbnailUrl\":\"https:\/\/www.ihr-ferienpartner.de\/Angebot\/Kalabrien.jpg\",\"datePublished\":\"2024-06-27T13:05:26+00:00\",\"dateModified\":\"2024-06-27T13:05:27+00:00\",\"description\":\"Buchen Sie Ihre Flugreise nach Italien mit Preisvergleich, Hotelbewertungen, flexiblen Terminen und ab allen relevanten Flughafen.\",\"breadcrumb\":{\"@id\":\"https:\/\/www.ihr-ferienpartner.de\/mobil\/kalabrien\/#breadcrumb\"},\"inLanguage\":\"de\",\"potentialAction\":[{\"@type\":\"ReadAction\",\"target\":[\"https:\/\/www.ihr-ferienpartner.de\/mobil\/kalabrien\/\"]}]},{\"@type\":\"ImageObject\",\"inLanguage\":\"de\",\"@id\":\"https:\/\/www.ihr-ferienpartner.de\/mobil\/kalabrien\/#primaryimage\",\"url\":\"https:\/\/www.ihr-ferienpartner.de\/Angebot\/Kalabrien.jpg\",\"contentUrl\":\"https:\/\/www.ihr-ferienpartner.de\/Angebot\/Kalabrien.jpg\"},{\"@type\":\"BreadcrumbList\",\"@id\":\"https:\/\/www.ihr-ferienpartner.de\/mobil\/kalabrien\/#breadcrumb\",\"itemListElement\":[{\"@type\":\"ListItem\",\"position\":1,\"name\":\"Startseite\",\"item\":\"https:\/\/www.ihr-ferienpartner.de\/mobil\/\"},{\"@type\":\"ListItem\",\"position\":2,\"name\":\"Kalabrien Reisen\"}]},{\"@type\":\"WebSite\",\"@id\":\"https:\/\/www.ihr-ferienpartner.de\/mobil\/#website\",\"url\":\"https:\/\/www.ihr-ferienpartner.de\/mobil\/\",\"name\":\"FINDE DEIN SPONTANIEN - Reisen g\u00fcnstig buchen\",\"description\":\"Flugreisen im Preisvergleich mit flexiblen Terminen &amp; Abflughafen.\",\"publisher\":{\"@id\":\"https:\/\/www.ihr-ferienpartner.de\/mobil\/#organization\"},\"potentialAction\":[{\"@type\":\"SearchAction\",\"target\":{\"@type\":\"EntryPoint\",\"urlTemplate\":\"https:\/\/www.ihr-ferienpartner.de\/mobil\/?s={search_term_string}\"},\"query-input\":\"required name=search_term_string\"}],\"inLanguage\":\"de\"},{\"@type\":\"Organization\",\"@id\":\"https:\/\/www.ihr-ferienpartner.de\/mobil\/#organization\",\"name\":\"FINDE DEIN SPONTANIEN - Reisen g\u00fcnstig buchen\",\"url\":\"https:\/\/www.ihr-ferienpartner.de\/mobil\/\",\"logo\":{\"@type\":\"ImageObject\",\"inLanguage\":\"de\",\"@id\":\"https:\/\/www.ihr-ferienpartner.de\/mobil\/#\/schema\/logo\/image\/\",\"url\":\"https:\/\/www.ihr-ferienpartner.de\/mobil\/wp-content\/uploads\/2019\/10\/spontanien.jpg\",\"contentUrl\":\"https:\/\/www.ihr-ferienpartner.de\/mobil\/wp-content\/uploads\/2019\/10\/spontanien.jpg\",\"width\":818,\"height\":200,\"caption\":\"FINDE DEIN SPONTANIEN - Reisen g\u00fcnstig buchen\"},\"image\":{\"@id\":\"https:\/\/www.ihr-ferienpartner.de\/mobil\/#\/schema\/logo\/image\/\"}}]}<\/script>\n<!-- \/ Yoast SEO plugin. -->","yoast_head_json":{"title":"Kalabrien Reisen - Fr\u00fchbucher & Last Minute Urlaub","description":"Buchen Sie Ihre Flugreise nach Italien mit Preisvergleich, Hotelbewertungen, flexiblen Terminen und ab allen relevanten Flughafen.","robots":{"index":"index","follow":"follow","max-snippet":"max-snippet:-1","max-image-preview":"max-image-preview:large","max-video-preview":"max-video-preview:-1"},"canonical":"https:\/\/www.ihr-ferienpartner.de\/mobil\/kalabrien\/","og_locale":"de_DE","og_type":"article","og_title":"Kalabrien Reisen - Fr\u00fchbucher & Last Minute Urlaub","og_description":"Buchen Sie Ihre Flugreise nach Italien mit Preisvergleich, Hotelbewertungen, flexiblen Terminen und ab allen relevanten Flughafen.","og_url":"https:\/\/www.ihr-ferienpartner.de\/mobil\/kalabrien\/","og_site_name":"FINDE DEIN SPONTANIEN - Reisen g\u00fcnstig buchen","article_modified_time":"2024-06-27T13:05:27+00:00","og_image":[{"url":"https:\/\/www.ihr-ferienpartner.de\/Angebot\/Kalabrien.jpg"}],"twitter_card":"summary_large_image","twitter_misc":{"Gesch\u00e4tzte Lesezeit":"1\u00a0Minute"},"schema":{"@context":"https:\/\/schema.org","@graph":[{"@type":"WebPage","@id":"https:\/\/www.ihr-ferienpartner.de\/mobil\/kalabrien\/","url":"https:\/\/www.ihr-ferienpartner.de\/mobil\/kalabrien\/","name":"Kalabrien Reisen - Fr\u00fchbucher & Last Minute Urlaub","isPartOf":{"@id":"https:\/\/www.ihr-ferienpartner.de\/mobil\/#website"},"primaryImageOfPage":{"@id":"https:\/\/www.ihr-ferienpartner.de\/mobil\/kalabrien\/#primaryimage"},"image":{"@id":"https:\/\/www.ihr-ferienpartner.de\/mobil\/kalabrien\/#primaryimage"},"thumbnailUrl":"https:\/\/www.ihr-ferienpartner.de\/Angebot\/Kalabrien.jpg","datePublished":"2024-06-27T13:05:26+00:00","dateModified":"2024-06-27T13:05:27+00:00","description":"Buchen Sie Ihre Flugreise nach Italien mit Preisvergleich, Hotelbewertungen, flexiblen Terminen und ab allen relevanten Flughafen.","breadcrumb":{"@id":"https:\/\/www.ihr-ferienpartner.de\/mobil\/kalabrien\/#breadcrumb"},"inLanguage":"de","potentialAction":[{"@type":"ReadAction","target":["https:\/\/www.ihr-ferienpartner.de\/mobil\/kalabrien\/"]}]},{"@type":"ImageObject","inLanguage":"de","@id":"https:\/\/www.ihr-ferienpartner.de\/mobil\/kalabrien\/#primaryimage","url":"https:\/\/www.ihr-ferienpartner.de\/Angebot\/Kalabrien.jpg","contentUrl":"https:\/\/www.ihr-ferienpartner.de\/Angebot\/Kalabrien.jpg"},{"@type":"BreadcrumbList","@id":"https:\/\/www.ihr-ferienpartner.de\/mobil\/kalabrien\/#breadcrumb","itemListElement":[{"@type":"ListItem","position":1,"name":"Startseite","item":"https:\/\/www.ihr-ferienpartner.de\/mobil\/"},{"@type":"ListItem","position":2,"name":"Kalabrien Reisen"}]},{"@type":"WebSite","@id":"https:\/\/www.ihr-ferienpartner.de\/mobil\/#website","url":"https:\/\/www.ihr-ferienpartner.de\/mobil\/","name":"FINDE DEIN SPONTANIEN - Reisen g\u00fcnstig buchen","description":"Flugreisen im Preisvergleich mit flexiblen Terminen &amp; Abflughafen.","publisher":{"@id":"https:\/\/www.ihr-ferienpartner.de\/mobil\/#organization"},"potentialAction":[{"@type":"SearchAction","target":{"@type":"EntryPoint","urlTemplate":"https:\/\/www.ihr-ferienpartner.de\/mobil\/?s={search_term_string}"},"query-input":"required name=search_term_string"}],"inLanguage":"de"},{"@type":"Organization","@id":"https:\/\/www.ihr-ferienpartner.de\/mobil\/#organization","name":"FINDE DEIN SPONTANIEN - Reisen g\u00fcnstig buchen","url":"https:\/\/www.ihr-ferienpartner.de\/mobil\/","logo":{"@type":"ImageObject","inLanguage":"de","@id":"https:\/\/www.ihr-ferienpartner.de\/mobil\/#\/schema\/logo\/image\/","url":"https:\/\/www.ihr-ferienpartner.de\/mobil\/wp-content\/uploads\/2019\/10\/spontanien.jpg","contentUrl":"https:\/\/www.ihr-ferienpartner.de\/mobil\/wp-content\/uploads\/2019\/10\/spontanien.jpg","width":818,"height":200,"caption":"FINDE DEIN SPONTANIEN - Reisen g\u00fcnstig buchen"},"image":{"@id":"https:\/\/www.ihr-ferienpartner.de\/mobil\/#\/schema\/logo\/image\/"}}]}},"_links":{"self":[{"href":"https:\/\/www.ihr-ferienpartner.de\/mobil\/wp-json\/wp\/v2\/pages\/1376"}],"collection":[{"href":"https:\/\/www.ihr-ferienpartner.de\/mobil\/wp-json\/wp\/v2\/pages"}],"about":[{"href":"https:\/\/www.ihr-ferienpartner.de\/mobil\/wp-json\/wp\/v2\/types\/page"}],"author":[{"embeddable":true,"href":"https:\/\/www.ihr-ferienpartner.de\/mobil\/wp-json\/wp\/v2\/users\/1"}],"replies":[{"embeddable":true,"href":"https:\/\/www.ihr-ferienpartner.de\/mobil\/wp-json\/wp\/v2\/comments?post=1376"}],"version-history":[{"count":6,"href":"https:\/\/www.ihr-ferienpartner.de\/mobil\/wp-json\/wp\/v2\/pages\/1376\/revisions"}],"predecessor-version":[{"id":5687,"href":"https:\/\/www.ihr-ferienpartner.de\/mobil\/wp-json\/wp\/v2\/pages\/1376\/revisions\/5687"}],"wp:attachment":[{"href":"https:\/\/www.ihr-ferienpartner.de\/mobil\/wp-json\/wp\/v2\/media?parent=1376"}],"curies":[{"name":"wp","href":"https:\/\/api.w.org\/{rel}","templated":true}]}}