{"id":1959,"date":"2024-06-20T15:03:46","date_gmt":"2024-06-20T13:03:46","guid":{"rendered":"http:\/\/www.ihr-ferienpartner.de\/mobil\/?page_id=1959"},"modified":"2024-06-20T15:03:47","modified_gmt":"2024-06-20T13:03:47","slug":"cala-ratjada","status":"publish","type":"page","link":"https:\/\/www.ihr-ferienpartner.de\/mobil\/cala-ratjada\/","title":{"rendered":"Cala Ratjada"},"content":{"rendered":"<div style=\"background-color: #ffffff; padding: 20px 20px 20px 20px;\">\n<h1>Urlaub in Cala Ratjada &#8211; Mallorca<\/h1>\n<p><img decoding=\"async\" src=\"https:\/\/www.ihr-ferienpartner.de\/Angebot\/CalaRatjada.jpg\" alt=\"Urlaub in Cala Ratjada g\u00fcnstig buchen\" title=\"Reisen nach Mallorca nach Cala Ratjada mit gro\u00dfer Hotelauswahl\"><br \/>\n<font size=\"-1\">Cala Ratjada hat einen ganz eigenen Charme. Ein zauberhafter Hafen, eine Promenade direkt auf den Felsen am Meer verbindet den Hafen mit der idyllischen Bucht Son Moll. Am anderen Ende des Ortes liegt mit der Cala Agulla einer der sch\u00f6nsten Str\u00e4nde der Insel, der auf 500m L\u00e4nge mit feinem Sand und t\u00fcrkisblauem Meer aufwartet. Im Ortskern bietet eine verkehrsberuhigte Fussg\u00e4ngerzone ideale Voraussetzungen f\u00fcr gem\u00fctliches Bummeln.<\/font><\/p>\n<hr>\n<p><font size=\"-1\"><b><font color=\"b62b31\">Unser Hotel-Tipp:<\/font><\/b> <a href=\"https:\/\/www.ihr-ferienpartner.de\/mobil\/son-moll-sentits-hotel\/\" title=\"Son Moll Sentits Hotel &amp; Spa\">Son Moll Sentits &amp; Spa (Erwachsenenhotel) &gt;&gt;<\/a><br \/>\n<font size=\"-1\"><b><font color=\"b62b31\">Weitere beliebte Orte an der Ostk\u00fcste:<\/font><\/b> <a href=\"https:\/\/www.ihr-ferienpartner.de\/mobil\/cala-millor\/\" title=\"Angebote in Cala Millor\">Cala Millor &gt;&gt;<\/a> &#8211; <a href=\"https:\/\/www.ihr-ferienpartner.de\/mobil\/canyamel\/\" title=\"Angebote in Canyamel\">Canyamel &gt;&gt;<\/a><\/font><\/font><\/p>\n<hr>\n<div id=\"ypsnet-ibe\" data-src=\"https:\/\/b2b.specials.de\/index\/jump\/119\/2780\/991880\/?action=dates&amp;regionId=133&amp;cityId=753&amp;from=15&amp;to=316&amp;duration=7-7&amp;maxPrice=5000&amp;adults=2&amp;category=3&amp;minRecommrate=70\"><\/div>\n<p><script src=\"https:\/\/webmedia.ypsilon.net\/spl_js\/ypsnet-ibe.js\"><\/script><\/p>\n<\/div>\n<div style=\"background-color: #ffffff; padding: 20px 20px 20px 20px;\">\n<hr>\n<p><b>Hotel-Urlaub am Strand von Cala Ratjada:<\/b><br \/>\nBuchen Sie Ihre Mallorca-Reise und profitieren Sie u.a. vom Anbieter-Preisvergleich und Hotel-Rankings aus \u00fcber 1.000.000 authentischen Hotelbewertungen.<\/p>\n<p><img decoding=\"async\" src=\"https:\/\/www.ihr-ferienpartner.de\/Angebot\/Anbietervergleich.jpg\" alt=\"Reisen nach Mallorca an die Str\u00e4nde von Cala Ratjada\" title=\"Reisen nach Cala Ratjada auf Mallorca mit gro\u00dfer Hotelauswahl\"><\/p>\n<\/div>\n","protected":false},"excerpt":{"rendered":"<p>Urlaub in Cala Ratjada &#8211; Mallorca Cala Ratjada hat einen ganz eigenen Charme. Ein zauberhafter Hafen, eine Promenade direkt auf den Felsen am Meer verbindet den Hafen mit der idyllischen Bucht Son Moll. Am anderen Ende des Ortes liegt mit der Cala Agulla einer der sch\u00f6nsten Str\u00e4nde der Insel, der auf 500m L\u00e4nge mit feinem [&hellip;]<\/p>\n","protected":false},"author":1,"featured_media":0,"parent":0,"menu_order":0,"comment_status":"closed","ping_status":"closed","template":"","meta":{"footnotes":""},"yoast_head":"<!-- This site is optimized with the Yoast SEO plugin v22.8 - https:\/\/yoast.com\/wordpress\/plugins\/seo\/ -->\n<title>CALA RATJADA - Flugreisen nach Mallorca g\u00fcnstig buchen!<\/title>\n<meta name=\"description\" content=\"Gro\u00dfe Hotelauswahl auf Mallorca mit Preisvergleich, Last Minute &amp; Fr\u00fchbucher-Rabatten, Bewertungen, flexiblen Terminen und Abflughafen.\" \/>\n<meta name=\"robots\" content=\"index, follow, max-snippet:-1, max-image-preview:large, max-video-preview:-1\" \/>\n<link rel=\"canonical\" href=\"https:\/\/www.ihr-ferienpartner.de\/mobil\/cala-ratjada\/\" \/>\n<meta property=\"og:locale\" content=\"de_DE\" \/>\n<meta property=\"og:type\" content=\"article\" \/>\n<meta property=\"og:title\" content=\"CALA RATJADA - Flugreisen nach Mallorca g\u00fcnstig buchen!\" \/>\n<meta property=\"og:description\" content=\"Gro\u00dfe Hotelauswahl auf Mallorca mit Preisvergleich, Last Minute &amp; Fr\u00fchbucher-Rabatten, Bewertungen, flexiblen Terminen und Abflughafen.\" \/>\n<meta property=\"og:url\" content=\"https:\/\/www.ihr-ferienpartner.de\/mobil\/cala-ratjada\/\" \/>\n<meta property=\"og:site_name\" content=\"FINDE DEIN SPONTANIEN - Reisen g\u00fcnstig buchen\" \/>\n<meta property=\"article:modified_time\" content=\"2024-06-20T13:03:47+00:00\" \/>\n<meta property=\"og:image\" content=\"https:\/\/www.ihr-ferienpartner.de\/Angebot\/CalaRatjada.jpg\" \/>\n<meta name=\"twitter:card\" content=\"summary_large_image\" \/>\n<meta name=\"twitter:label1\" content=\"Gesch\u00e4tzte Lesezeit\" \/>\n\t<meta name=\"twitter:data1\" content=\"2\u00a0Minuten\" \/>\n<script type=\"application\/ld+json\" class=\"yoast-schema-graph\">{\"@context\":\"https:\/\/schema.org\",\"@graph\":[{\"@type\":\"WebPage\",\"@id\":\"https:\/\/www.ihr-ferienpartner.de\/mobil\/cala-ratjada\/\",\"url\":\"https:\/\/www.ihr-ferienpartner.de\/mobil\/cala-ratjada\/\",\"name\":\"CALA RATJADA - Flugreisen nach Mallorca g\u00fcnstig buchen!\",\"isPartOf\":{\"@id\":\"https:\/\/www.ihr-ferienpartner.de\/mobil\/#website\"},\"primaryImageOfPage\":{\"@id\":\"https:\/\/www.ihr-ferienpartner.de\/mobil\/cala-ratjada\/#primaryimage\"},\"image\":{\"@id\":\"https:\/\/www.ihr-ferienpartner.de\/mobil\/cala-ratjada\/#primaryimage\"},\"thumbnailUrl\":\"https:\/\/www.ihr-ferienpartner.de\/Angebot\/CalaRatjada.jpg\",\"datePublished\":\"2024-06-20T13:03:46+00:00\",\"dateModified\":\"2024-06-20T13:03:47+00:00\",\"description\":\"Gro\u00dfe Hotelauswahl auf Mallorca mit Preisvergleich, Last Minute & Fr\u00fchbucher-Rabatten, Bewertungen, flexiblen Terminen und Abflughafen.\",\"breadcrumb\":{\"@id\":\"https:\/\/www.ihr-ferienpartner.de\/mobil\/cala-ratjada\/#breadcrumb\"},\"inLanguage\":\"de\",\"potentialAction\":[{\"@type\":\"ReadAction\",\"target\":[\"https:\/\/www.ihr-ferienpartner.de\/mobil\/cala-ratjada\/\"]}]},{\"@type\":\"ImageObject\",\"inLanguage\":\"de\",\"@id\":\"https:\/\/www.ihr-ferienpartner.de\/mobil\/cala-ratjada\/#primaryimage\",\"url\":\"https:\/\/www.ihr-ferienpartner.de\/Angebot\/CalaRatjada.jpg\",\"contentUrl\":\"https:\/\/www.ihr-ferienpartner.de\/Angebot\/CalaRatjada.jpg\"},{\"@type\":\"BreadcrumbList\",\"@id\":\"https:\/\/www.ihr-ferienpartner.de\/mobil\/cala-ratjada\/#breadcrumb\",\"itemListElement\":[{\"@type\":\"ListItem\",\"position\":1,\"name\":\"Startseite\",\"item\":\"https:\/\/www.ihr-ferienpartner.de\/mobil\/\"},{\"@type\":\"ListItem\",\"position\":2,\"name\":\"Cala Ratjada\"}]},{\"@type\":\"WebSite\",\"@id\":\"https:\/\/www.ihr-ferienpartner.de\/mobil\/#website\",\"url\":\"https:\/\/www.ihr-ferienpartner.de\/mobil\/\",\"name\":\"FINDE DEIN SPONTANIEN - Reisen g\u00fcnstig buchen\",\"description\":\"Flugreisen im Preisvergleich mit flexiblen Terminen &amp; Abflughafen.\",\"publisher\":{\"@id\":\"https:\/\/www.ihr-ferienpartner.de\/mobil\/#organization\"},\"potentialAction\":[{\"@type\":\"SearchAction\",\"target\":{\"@type\":\"EntryPoint\",\"urlTemplate\":\"https:\/\/www.ihr-ferienpartner.de\/mobil\/?s={search_term_string}\"},\"query-input\":\"required name=search_term_string\"}],\"inLanguage\":\"de\"},{\"@type\":\"Organization\",\"@id\":\"https:\/\/www.ihr-ferienpartner.de\/mobil\/#organization\",\"name\":\"FINDE DEIN SPONTANIEN - Reisen g\u00fcnstig buchen\",\"url\":\"https:\/\/www.ihr-ferienpartner.de\/mobil\/\",\"logo\":{\"@type\":\"ImageObject\",\"inLanguage\":\"de\",\"@id\":\"https:\/\/www.ihr-ferienpartner.de\/mobil\/#\/schema\/logo\/image\/\",\"url\":\"https:\/\/www.ihr-ferienpartner.de\/mobil\/wp-content\/uploads\/2019\/10\/spontanien.jpg\",\"contentUrl\":\"https:\/\/www.ihr-ferienpartner.de\/mobil\/wp-content\/uploads\/2019\/10\/spontanien.jpg\",\"width\":818,\"height\":200,\"caption\":\"FINDE DEIN SPONTANIEN - Reisen g\u00fcnstig buchen\"},\"image\":{\"@id\":\"https:\/\/www.ihr-ferienpartner.de\/mobil\/#\/schema\/logo\/image\/\"}}]}<\/script>\n<!-- \/ Yoast SEO plugin. -->","yoast_head_json":{"title":"CALA RATJADA - Flugreisen nach Mallorca g\u00fcnstig buchen!","description":"Gro\u00dfe Hotelauswahl auf Mallorca mit Preisvergleich, Last Minute & Fr\u00fchbucher-Rabatten, Bewertungen, flexiblen Terminen und Abflughafen.","robots":{"index":"index","follow":"follow","max-snippet":"max-snippet:-1","max-image-preview":"max-image-preview:large","max-video-preview":"max-video-preview:-1"},"canonical":"https:\/\/www.ihr-ferienpartner.de\/mobil\/cala-ratjada\/","og_locale":"de_DE","og_type":"article","og_title":"CALA RATJADA - Flugreisen nach Mallorca g\u00fcnstig buchen!","og_description":"Gro\u00dfe Hotelauswahl auf Mallorca mit Preisvergleich, Last Minute & Fr\u00fchbucher-Rabatten, Bewertungen, flexiblen Terminen und Abflughafen.","og_url":"https:\/\/www.ihr-ferienpartner.de\/mobil\/cala-ratjada\/","og_site_name":"FINDE DEIN SPONTANIEN - Reisen g\u00fcnstig buchen","article_modified_time":"2024-06-20T13:03:47+00:00","og_image":[{"url":"https:\/\/www.ihr-ferienpartner.de\/Angebot\/CalaRatjada.jpg"}],"twitter_card":"summary_large_image","twitter_misc":{"Gesch\u00e4tzte Lesezeit":"2\u00a0Minuten"},"schema":{"@context":"https:\/\/schema.org","@graph":[{"@type":"WebPage","@id":"https:\/\/www.ihr-ferienpartner.de\/mobil\/cala-ratjada\/","url":"https:\/\/www.ihr-ferienpartner.de\/mobil\/cala-ratjada\/","name":"CALA RATJADA - Flugreisen nach Mallorca g\u00fcnstig buchen!","isPartOf":{"@id":"https:\/\/www.ihr-ferienpartner.de\/mobil\/#website"},"primaryImageOfPage":{"@id":"https:\/\/www.ihr-ferienpartner.de\/mobil\/cala-ratjada\/#primaryimage"},"image":{"@id":"https:\/\/www.ihr-ferienpartner.de\/mobil\/cala-ratjada\/#primaryimage"},"thumbnailUrl":"https:\/\/www.ihr-ferienpartner.de\/Angebot\/CalaRatjada.jpg","datePublished":"2024-06-20T13:03:46+00:00","dateModified":"2024-06-20T13:03:47+00:00","description":"Gro\u00dfe Hotelauswahl auf Mallorca mit Preisvergleich, Last Minute & Fr\u00fchbucher-Rabatten, Bewertungen, flexiblen Terminen und Abflughafen.","breadcrumb":{"@id":"https:\/\/www.ihr-ferienpartner.de\/mobil\/cala-ratjada\/#breadcrumb"},"inLanguage":"de","potentialAction":[{"@type":"ReadAction","target":["https:\/\/www.ihr-ferienpartner.de\/mobil\/cala-ratjada\/"]}]},{"@type":"ImageObject","inLanguage":"de","@id":"https:\/\/www.ihr-ferienpartner.de\/mobil\/cala-ratjada\/#primaryimage","url":"https:\/\/www.ihr-ferienpartner.de\/Angebot\/CalaRatjada.jpg","contentUrl":"https:\/\/www.ihr-ferienpartner.de\/Angebot\/CalaRatjada.jpg"},{"@type":"BreadcrumbList","@id":"https:\/\/www.ihr-ferienpartner.de\/mobil\/cala-ratjada\/#breadcrumb","itemListElement":[{"@type":"ListItem","position":1,"name":"Startseite","item":"https:\/\/www.ihr-ferienpartner.de\/mobil\/"},{"@type":"ListItem","position":2,"name":"Cala Ratjada"}]},{"@type":"WebSite","@id":"https:\/\/www.ihr-ferienpartner.de\/mobil\/#website","url":"https:\/\/www.ihr-ferienpartner.de\/mobil\/","name":"FINDE DEIN SPONTANIEN - Reisen g\u00fcnstig buchen","description":"Flugreisen im Preisvergleich mit flexiblen Terminen &amp; Abflughafen.","publisher":{"@id":"https:\/\/www.ihr-ferienpartner.de\/mobil\/#organization"},"potentialAction":[{"@type":"SearchAction","target":{"@type":"EntryPoint","urlTemplate":"https:\/\/www.ihr-ferienpartner.de\/mobil\/?s={search_term_string}"},"query-input":"required name=search_term_string"}],"inLanguage":"de"},{"@type":"Organization","@id":"https:\/\/www.ihr-ferienpartner.de\/mobil\/#organization","name":"FINDE DEIN SPONTANIEN - Reisen g\u00fcnstig buchen","url":"https:\/\/www.ihr-ferienpartner.de\/mobil\/","logo":{"@type":"ImageObject","inLanguage":"de","@id":"https:\/\/www.ihr-ferienpartner.de\/mobil\/#\/schema\/logo\/image\/","url":"https:\/\/www.ihr-ferienpartner.de\/mobil\/wp-content\/uploads\/2019\/10\/spontanien.jpg","contentUrl":"https:\/\/www.ihr-ferienpartner.de\/mobil\/wp-content\/uploads\/2019\/10\/spontanien.jpg","width":818,"height":200,"caption":"FINDE DEIN SPONTANIEN - Reisen g\u00fcnstig buchen"},"image":{"@id":"https:\/\/www.ihr-ferienpartner.de\/mobil\/#\/schema\/logo\/image\/"}}]}},"_links":{"self":[{"href":"https:\/\/www.ihr-ferienpartner.de\/mobil\/wp-json\/wp\/v2\/pages\/1959"}],"collection":[{"href":"https:\/\/www.ihr-ferienpartner.de\/mobil\/wp-json\/wp\/v2\/pages"}],"about":[{"href":"https:\/\/www.ihr-ferienpartner.de\/mobil\/wp-json\/wp\/v2\/types\/page"}],"author":[{"embeddable":true,"href":"https:\/\/www.ihr-ferienpartner.de\/mobil\/wp-json\/wp\/v2\/users\/1"}],"replies":[{"embeddable":true,"href":"https:\/\/www.ihr-ferienpartner.de\/mobil\/wp-json\/wp\/v2\/comments?post=1959"}],"version-history":[{"count":5,"href":"https:\/\/www.ihr-ferienpartner.de\/mobil\/wp-json\/wp\/v2\/pages\/1959\/revisions"}],"predecessor-version":[{"id":5167,"href":"https:\/\/www.ihr-ferienpartner.de\/mobil\/wp-json\/wp\/v2\/pages\/1959\/revisions\/5167"}],"wp:attachment":[{"href":"https:\/\/www.ihr-ferienpartner.de\/mobil\/wp-json\/wp\/v2\/media?parent=1959"}],"curies":[{"name":"wp","href":"https:\/\/api.w.org\/{rel}","templated":true}]}}

<div style="background-color: #ffffff; padding: 20px 20px 20px 20px;">
<h1>Urlaub in Cala Ratjada &#8211; Mallorca</h1>
<p><img decoding="async" src="https://www.ihr-ferienpartner.de/Angebot/CalaRatjada.jpg" alt="Urlaub in Cala Ratjada günstig buchen" title="Reisen nach Mallorca nach Cala Ratjada mit großer Hotelauswahl"><br />
<font size="-1">Cala Ratjada hat einen ganz eigenen Charme. Ein zauberhafter Hafen, eine Promenade direkt auf den Felsen am Meer verbindet den Hafen mit der idyllischen Bucht Son Moll. Am anderen Ende des Ortes liegt mit der Cala Agulla einer der schönsten Strände der Insel, der auf 500m Länge mit feinem Sand und türkisblauem Meer aufwartet. Im Ortskern bietet eine verkehrsberuhigte Fussgängerzone ideale Voraussetzungen für gemütliches Bummeln.</font></p>
<hr>
<p><font size="-1"><b><font color="b62b31">Unser Hotel-Tipp:</font></b> <a href="https://www.ihr-ferienpartner.de/mobil/son-moll-sentits-hotel/" title="Son Moll Sentits Hotel &amp; Spa">Son Moll Sentits &amp; Spa (Erwachsenenhotel) &gt;&gt;</a><br />
<font size="-1"><b><font color="b62b31">Weitere beliebte Orte an der Ostküste:</font></b> <a href="https://www.ihr-ferienpartner.de/mobil/cala-millor/" title="Angebote in Cala Millor">Cala Millor &gt;&gt;</a> &#8211; <a href="https://www.ihr-ferienpartner.de/mobil/canyamel/" title="Angebote in Canyamel">Canyamel &gt;&gt;</a></font></font></p>
<hr>
<div id="ypsnet-ibe" data-src="https://b2b.specials.de/index/jump/119/2780/991880/?action=dates&amp;regionId=133&amp;cityId=753&amp;from=15&amp;to=316&amp;duration=7-7&amp;maxPrice=5000&amp;adults=2&amp;category=3&amp;minRecommrate=70"></div>
<p><script src="https://webmedia.ypsilon.net/spl_js/ypsnet-ibe.js"></script></p>
</div>
<div style="background-color: #ffffff; padding: 20px 20px 20px 20px;">
<hr>
<p><b>Hotel-Urlaub am Strand von Cala Ratjada:</b><br />
Buchen Sie Ihre Mallorca-Reise und profitieren Sie u.a. vom Anbieter-Preisvergleich und Hotel-Rankings aus über 1.000.000 authentischen Hotelbewertungen.</p>
<p><img decoding="async" src="https://www.ihr-ferienpartner.de/Angebot/Anbietervergleich.jpg" alt="Reisen nach Mallorca an die Strände von Cala Ratjada" title="Reisen nach Cala Ratjada auf Mallorca mit großer Hotelauswahl"></p>
</div>

<p>Urlaub in Cala Ratjada &#8211; Mallorca Cala Ratjada hat einen ganz eigenen Charme. Ein zauberhafter Hafen, eine Promenade direkt auf den Felsen am Meer verbindet den Hafen mit der idyllischen Bucht Son Moll. Am anderen Ende des Ortes liegt mit der Cala Agulla einer der schönsten Strände der Insel, der auf 500m Länge mit feinem [&hellip;]</p>

<!-- This site is optimized with the Yoast SEO plugin v22.8 - https://yoast.com/wordpress/plugins/seo/ -->
<title>CALA RATJADA - Flugreisen nach Mallorca günstig buchen!</title>
<meta name="description" content="Große Hotelauswahl auf Mallorca mit Preisvergleich, Last Minute &amp; Frühbucher-Rabatten, Bewertungen, flexiblen Terminen und Abflughafen." />
<meta name="robots" content="index, follow, max-snippet:-1, max-image-preview:large, max-video-preview:-1" />
<link rel="canonical" href="https://www.ihr-ferienpartner.de/mobil/cala-ratjada/" />
<meta property="og:locale" content="de_DE" />
<meta property="og:type" content="article" />
<meta property="og:title" content="CALA RATJADA - Flugreisen nach Mallorca günstig buchen!" />
<meta property="og:description" content="Große Hotelauswahl auf Mallorca mit Preisvergleich, Last Minute &amp; Frühbucher-Rabatten, Bewertungen, flexiblen Terminen und Abflughafen." />
<meta property="og:url" content="https://www.ihr-ferienpartner.de/mobil/cala-ratjada/" />
<meta property="og:site_name" content="FINDE DEIN SPONTANIEN - Reisen günstig buchen" />
<meta property="article:modified_time" content="2024-06-20T13:03:47+00:00" />
<meta property="og:image" content="https://www.ihr-ferienpartner.de/Angebot/CalaRatjada.jpg" />
<meta name="twitter:card" content="summary_large_image" />
<meta name="twitter:label1" content="Geschätzte Lesezeit" />
	<meta name="twitter:data1" content="2 Minuten" />
<script type="application/ld+json" class="yoast-schema-graph">{"@context":"https://schema.org","@graph":[{"@type":"WebPage","@id":"https://www.ihr-ferienpartner.de/mobil/cala-ratjada/","url":"https://www.ihr-ferienpartner.de/mobil/cala-ratjada/","name":"CALA RATJADA - Flugreisen nach Mallorca günstig buchen!","isPartOf":{"@id":"https://www.ihr-ferienpartner.de/mobil/#website"},"primaryImageOfPage":{"@id":"https://www.ihr-ferienpartner.de/mobil/cala-ratjada/#primaryimage"},"image":{"@id":"https://www.ihr-ferienpartner.de/mobil/cala-ratjada/#primaryimage"},"thumbnailUrl":"https://www.ihr-ferienpartner.de/Angebot/CalaRatjada.jpg","datePublished":"2024-06-20T13:03:46+00:00","dateModified":"2024-06-20T13:03:47+00:00","description":"Große Hotelauswahl auf Mallorca mit Preisvergleich, Last Minute & Frühbucher-Rabatten, Bewertungen, flexiblen Terminen und Abflughafen.","breadcrumb":{"@id":"https://www.ihr-ferienpartner.de/mobil/cala-ratjada/#breadcrumb"},"inLanguage":"de","potentialAction":[{"@type":"ReadAction","target":["https://www.ihr-ferienpartner.de/mobil/cala-ratjada/"]}]},{"@type":"ImageObject","inLanguage":"de","@id":"https://www.ihr-ferienpartner.de/mobil/cala-ratjada/#primaryimage","url":"https://www.ihr-ferienpartner.de/Angebot/CalaRatjada.jpg","contentUrl":"https://www.ihr-ferienpartner.de/Angebot/CalaRatjada.jpg"},{"@type":"BreadcrumbList","@id":"https://www.ihr-ferienpartner.de/mobil/cala-ratjada/#breadcrumb","itemListElement":[{"@type":"ListItem","position":1,"name":"Startseite","item":"https://www.ihr-ferienpartner.de/mobil/"},{"@type":"ListItem","position":2,"name":"Cala Ratjada"}]},{"@type":"WebSite","@id":"https://www.ihr-ferienpartner.de/mobil/#website","url":"https://www.ihr-ferienpartner.de/mobil/","name":"FINDE DEIN SPONTANIEN - Reisen günstig buchen","description":"Flugreisen im Preisvergleich mit flexiblen Terminen &amp; Abflughafen.","publisher":{"@id":"https://www.ihr-ferienpartner.de/mobil/#organization"},"potentialAction":[{"@type":"SearchAction","target":{"@type":"EntryPoint","urlTemplate":"https://www.ihr-ferienpartner.de/mobil/?s={search_term_string}"},"query-input":"required name=search_term_string"}],"inLanguage":"de"},{"@type":"Organization","@id":"https://www.ihr-ferienpartner.de/mobil/#organization","name":"FINDE DEIN SPONTANIEN - Reisen günstig buchen","url":"https://www.ihr-ferienpartner.de/mobil/","logo":{"@type":"ImageObject","inLanguage":"de","@id":"https://www.ihr-ferienpartner.de/mobil/#/schema/logo/image/","url":"https://www.ihr-ferienpartner.de/mobil/wp-content/uploads/2019/10/spontanien.jpg","contentUrl":"https://www.ihr-ferienpartner.de/mobil/wp-content/uploads/2019/10/spontanien.jpg","width":818,"height":200,"caption":"FINDE DEIN SPONTANIEN - Reisen günstig buchen"},"image":{"@id":"https://www.ihr-ferienpartner.de/mobil/#/schema/logo/image/"}}]}</script>
<!-- / Yoast SEO plugin. -->

CALA RATJADA - Flugreisen nach Mallorca günstig buchen!

Große Hotelauswahl auf Mallorca mit Preisvergleich, Last Minute & Frühbucher-Rabatten, Bewertungen, flexiblen Terminen und Abflughafen.

FINDE DEIN SPONTANIEN - Reisen günstig buchen
