{"id":2810,"date":"2026-02-02T13:56:18","date_gmt":"2026-02-02T12:56:18","guid":{"rendered":"http:\/\/www.ihr-ferienpartner.de\/mobil\/?page_id=2810"},"modified":"2026-02-02T13:57:28","modified_gmt":"2026-02-02T12:57:28","slug":"info-corona-virus","status":"publish","type":"page","link":"https:\/\/www.ihr-ferienpartner.de\/mobil\/info-corona-virus\/","title":{"rendered":"Reisehinweise &#038; -information"},"content":{"rendered":"<div style=\"background-color: #ffffff; padding: 20px 20px 20px 20px\">\n<h1>Reisehinweise &#038; -information<\/h1>\n<hr>\n<div style=\"text-align:right\"><font size=\"-2\">letzte Aktualisierung: 10.01.2026 \/ Angaben ohne Gew\u00e4hr<\/font><\/div>\n<p><b>Liebe Reisefreunde,<\/b><\/p>\n<p>politische Unruhe, Naturkatastrophen und nicht zuletzt die Corona-Pandemie haben gezeigt, wie wichtig es ist, sich auch beim Reisen gut zu informieren und bestimmte Regeln zu beachten. Nachfolgend haben wir f\u00fcr Sie die wichtigsten Hinweise zusammengestellt:<\/p>\n<hr>\n<p><b>Aktuelle Reise- und Sicherheitshinweise<\/b><\/p>\n<p>Das Ausw\u00e4rtige Amt bewertet fortlaufend die weltweite Sicherheitslage und passt seine Reise- und Sicherheitshinweise entsprechend an. Je nach Reiseziel k\u00f6nnen daher individuelle Einreisebestimmungen oder Reisewarnungen gelten. Aktuelle Informationen finden Sie unter: <a href=\"https:\/\/www.auswaertiges-amt.de\/de\/ReiseUndSicherheit\/covid-19\/2296762\" target=\"_blank\" rel=\"noopener noreferrer\" title=\"Reise- &amp; Sicherheitshinweise des Ausw\u00e4rtigen Amts\">www.auswaertiges-amt.de<\/a><\/p>\n<hr>\n<p><b>Hinreise<\/b><\/p>\n<p>Da Einreisebestimmungen \u2013 insbesondere im Zusammenhang mit Gesundheits- oder Sicherheitslagen \u2013 auch kurzfristig ge\u00e4ndert werden k\u00f6nnen, bitten wir Sie, sich regelm\u00e4\u00dfig \u00fcber die aktuellen Bestimmungen Ihres Ziellandes zu informieren. Ma\u00dfgeblich sind hierbei die Reise- und Sicherheitshinweise des Ausw\u00e4rtigen Amts.<\/p>\n<p>Bitte beachten Sie unbedingt die teilweise geltenden individuellen Einreise- und Hygieneregeln des jeweiligen Reiseziels. Auch wenn f\u00fcr die meisten L\u00e4nder derzeit keine Test- oder Impfpflicht mehr besteht, verlangen einzelne Staaten weiterhin vor der Einreise eine verbindliche Einreiseregistrierung oder Gesundheitskontrolle. Diese erfolgt in der Regel \u00fcber ein Online-Formular, das bei der Einreise bzw. beim Check-in (z. B. als QR-Code auf dem Smartphone oder als Ausdruck) vorzuzeigen ist.<\/p>\n<p>Bei Nichtbeachtung kann es zu einer selbstverschuldeten Zur\u00fcckweisung kommen. Wir bitten Sie daher dringend, die jeweiligen Bestimmungen sorgf\u00e4ltig zu pr\u00fcfen: <a href=\"https:\/\/www.auswaertiges-amt.de\/de\/ReiseUndSicherheit\/reise-und-sicherheitshinweise\" target=\"_blank\" rel=\"noopener noreferrer\">Reise- und Sicherheitshinweise des Ausw\u00e4rtigen Amts<\/a> <\/p>\n<hr>\n<p><b>R\u00fcckreise<\/b><\/p>\n<p>Die pandemiebedingten Einreisebestimmungen nach Deutschland wurden aufgehoben. Dennoch empfehlen wir Ihnen, auch im Hinblick auf m\u00f6gliche kurzfristige \u00c4nderungen die aktuellen Reise- und Sicherheitshinweise des Ausw\u00e4rtigen Amts zu beachten.<\/p>\n<hr>\n<p><b>Krisenvorsorgeliste (ELEFAND)<\/b><\/p>\n<p>Allen Reisenden wird weiterhin empfohlen, sich in die Krisenvorsorgeliste des Ausw\u00e4rtigen Amts einzutragen und die Angaben aktuell zu halten: <a href=\"https:\/\/www.diplo.de\/elefand\" target=\"_blank\" rel=\"noopener noreferrer\">www.diplo.de\/elefand<\/a> <\/p>\n<hr>\n<p>Wir danken Ihnen f\u00fcr Ihr Verst\u00e4ndnis und w\u00fcnschen Ihnen eine angenehme Reise.<br \/>\n<b>Ihr spontanien.de-Team<\/b><\/p>\n<hr>\n<p><img decoding=\"async\" src=\"https:\/\/www.ihr-ferienpartner.de\/Angebot\/Anbietervergleich.jpg\" alt=\"Partner\"><\/p>\n<hr>\n<div align=\"right\"><img decoding=\"async\" src=\"https:\/\/www.ihr-ferienpartner.de\/mobil\/wp-content\/uploads\/2019\/10\/spontanien.jpg\" alt=\"spontanien.de\" width=\"250\"><\/p>\n<\/div>\n<p><b><\/b><\/p>\n<p><b><br \/>\n<\/b><\/p>\n<\/div>\n","protected":false},"excerpt":{"rendered":"<p>Reisehinweise &#038; -information letzte Aktualisierung: 10.01.2026 \/ Angaben ohne Gew\u00e4hr Liebe Reisefreunde, politische Unruhe, Naturkatastrophen und nicht zuletzt die Corona-Pandemie haben gezeigt, wie wichtig es ist, sich auch beim Reisen gut zu informieren und bestimmte Regeln zu beachten. Nachfolgend haben wir f\u00fcr Sie die wichtigsten Hinweise zusammengestellt: Aktuelle Reise- und Sicherheitshinweise Das Ausw\u00e4rtige Amt bewertet [&hellip;]<\/p>\n","protected":false},"author":1,"featured_media":0,"parent":0,"menu_order":0,"comment_status":"closed","ping_status":"closed","template":"","meta":{"footnotes":""},"yoast_head":"<!-- This site is optimized with the Yoast SEO plugin v22.8 - https:\/\/yoast.com\/wordpress\/plugins\/seo\/ -->\n<title>Reisehinweise &amp; -information - FINDE DEIN SPONTANIEN - Reisen g\u00fcnstig buchen<\/title>\n<meta name=\"robots\" content=\"index, follow, max-snippet:-1, max-image-preview:large, max-video-preview:-1\" \/>\n<link rel=\"canonical\" href=\"https:\/\/www.ihr-ferienpartner.de\/mobil\/info-corona-virus\/\" \/>\n<meta property=\"og:locale\" content=\"de_DE\" \/>\n<meta property=\"og:type\" content=\"article\" \/>\n<meta property=\"og:title\" content=\"Reisehinweise &amp; -information - FINDE DEIN SPONTANIEN - Reisen g\u00fcnstig buchen\" \/>\n<meta property=\"og:description\" content=\"Reisehinweise &#038; -information letzte Aktualisierung: 10.01.2026 \/ Angaben ohne Gew\u00e4hr Liebe Reisefreunde, politische Unruhe, Naturkatastrophen und nicht zuletzt die Corona-Pandemie haben gezeigt, wie wichtig es ist, sich auch beim Reisen gut zu informieren und bestimmte Regeln zu beachten. Nachfolgend haben wir f\u00fcr Sie die wichtigsten Hinweise zusammengestellt: Aktuelle Reise- und Sicherheitshinweise Das Ausw\u00e4rtige Amt bewertet [&hellip;]\" \/>\n<meta property=\"og:url\" content=\"https:\/\/www.ihr-ferienpartner.de\/mobil\/info-corona-virus\/\" \/>\n<meta property=\"og:site_name\" content=\"FINDE DEIN SPONTANIEN - Reisen g\u00fcnstig buchen\" \/>\n<meta property=\"article:modified_time\" content=\"2026-02-02T12:57:28+00:00\" \/>\n<meta property=\"og:image\" content=\"https:\/\/www.ihr-ferienpartner.de\/Angebot\/Anbietervergleich.jpg\" \/>\n<meta name=\"twitter:card\" content=\"summary_large_image\" \/>\n<meta name=\"twitter:label1\" content=\"Gesch\u00e4tzte Lesezeit\" \/>\n\t<meta name=\"twitter:data1\" content=\"2\u00a0Minuten\" \/>\n<script type=\"application\/ld+json\" class=\"yoast-schema-graph\">{\"@context\":\"https:\/\/schema.org\",\"@graph\":[{\"@type\":\"WebPage\",\"@id\":\"https:\/\/www.ihr-ferienpartner.de\/mobil\/info-corona-virus\/\",\"url\":\"https:\/\/www.ihr-ferienpartner.de\/mobil\/info-corona-virus\/\",\"name\":\"Reisehinweise & -information - FINDE DEIN SPONTANIEN - Reisen g\u00fcnstig buchen\",\"isPartOf\":{\"@id\":\"https:\/\/www.ihr-ferienpartner.de\/mobil\/#website\"},\"primaryImageOfPage\":{\"@id\":\"https:\/\/www.ihr-ferienpartner.de\/mobil\/info-corona-virus\/#primaryimage\"},\"image\":{\"@id\":\"https:\/\/www.ihr-ferienpartner.de\/mobil\/info-corona-virus\/#primaryimage\"},\"thumbnailUrl\":\"https:\/\/www.ihr-ferienpartner.de\/Angebot\/Anbietervergleich.jpg\",\"datePublished\":\"2026-02-02T12:56:18+00:00\",\"dateModified\":\"2026-02-02T12:57:28+00:00\",\"breadcrumb\":{\"@id\":\"https:\/\/www.ihr-ferienpartner.de\/mobil\/info-corona-virus\/#breadcrumb\"},\"inLanguage\":\"de\",\"potentialAction\":[{\"@type\":\"ReadAction\",\"target\":[\"https:\/\/www.ihr-ferienpartner.de\/mobil\/info-corona-virus\/\"]}]},{\"@type\":\"ImageObject\",\"inLanguage\":\"de\",\"@id\":\"https:\/\/www.ihr-ferienpartner.de\/mobil\/info-corona-virus\/#primaryimage\",\"url\":\"https:\/\/www.ihr-ferienpartner.de\/Angebot\/Anbietervergleich.jpg\",\"contentUrl\":\"https:\/\/www.ihr-ferienpartner.de\/Angebot\/Anbietervergleich.jpg\"},{\"@type\":\"BreadcrumbList\",\"@id\":\"https:\/\/www.ihr-ferienpartner.de\/mobil\/info-corona-virus\/#breadcrumb\",\"itemListElement\":[{\"@type\":\"ListItem\",\"position\":1,\"name\":\"Startseite\",\"item\":\"https:\/\/www.ihr-ferienpartner.de\/mobil\/\"},{\"@type\":\"ListItem\",\"position\":2,\"name\":\"Reisehinweise &#038; -information\"}]},{\"@type\":\"WebSite\",\"@id\":\"https:\/\/www.ihr-ferienpartner.de\/mobil\/#website\",\"url\":\"https:\/\/www.ihr-ferienpartner.de\/mobil\/\",\"name\":\"FINDE DEIN SPONTANIEN - Reisen g\u00fcnstig buchen\",\"description\":\"Flugreisen im Preisvergleich mit flexiblen Terminen &amp; Abflughafen.\",\"publisher\":{\"@id\":\"https:\/\/www.ihr-ferienpartner.de\/mobil\/#organization\"},\"potentialAction\":[{\"@type\":\"SearchAction\",\"target\":{\"@type\":\"EntryPoint\",\"urlTemplate\":\"https:\/\/www.ihr-ferienpartner.de\/mobil\/?s={search_term_string}\"},\"query-input\":\"required name=search_term_string\"}],\"inLanguage\":\"de\"},{\"@type\":\"Organization\",\"@id\":\"https:\/\/www.ihr-ferienpartner.de\/mobil\/#organization\",\"name\":\"FINDE DEIN SPONTANIEN - Reisen g\u00fcnstig buchen\",\"url\":\"https:\/\/www.ihr-ferienpartner.de\/mobil\/\",\"logo\":{\"@type\":\"ImageObject\",\"inLanguage\":\"de\",\"@id\":\"https:\/\/www.ihr-ferienpartner.de\/mobil\/#\/schema\/logo\/image\/\",\"url\":\"https:\/\/www.ihr-ferienpartner.de\/mobil\/wp-content\/uploads\/2019\/10\/spontanien.jpg\",\"contentUrl\":\"https:\/\/www.ihr-ferienpartner.de\/mobil\/wp-content\/uploads\/2019\/10\/spontanien.jpg\",\"width\":818,\"height\":200,\"caption\":\"FINDE DEIN SPONTANIEN - Reisen g\u00fcnstig buchen\"},\"image\":{\"@id\":\"https:\/\/www.ihr-ferienpartner.de\/mobil\/#\/schema\/logo\/image\/\"}}]}<\/script>\n<!-- \/ Yoast SEO plugin. -->","yoast_head_json":{"title":"Reisehinweise & -information - FINDE DEIN SPONTANIEN - Reisen g\u00fcnstig buchen","robots":{"index":"index","follow":"follow","max-snippet":"max-snippet:-1","max-image-preview":"max-image-preview:large","max-video-preview":"max-video-preview:-1"},"canonical":"https:\/\/www.ihr-ferienpartner.de\/mobil\/info-corona-virus\/","og_locale":"de_DE","og_type":"article","og_title":"Reisehinweise & -information - FINDE DEIN SPONTANIEN - Reisen g\u00fcnstig buchen","og_description":"Reisehinweise &#038; -information letzte Aktualisierung: 10.01.2026 \/ Angaben ohne Gew\u00e4hr Liebe Reisefreunde, politische Unruhe, Naturkatastrophen und nicht zuletzt die Corona-Pandemie haben gezeigt, wie wichtig es ist, sich auch beim Reisen gut zu informieren und bestimmte Regeln zu beachten. Nachfolgend haben wir f\u00fcr Sie die wichtigsten Hinweise zusammengestellt: Aktuelle Reise- und Sicherheitshinweise Das Ausw\u00e4rtige Amt bewertet [&hellip;]","og_url":"https:\/\/www.ihr-ferienpartner.de\/mobil\/info-corona-virus\/","og_site_name":"FINDE DEIN SPONTANIEN - Reisen g\u00fcnstig buchen","article_modified_time":"2026-02-02T12:57:28+00:00","og_image":[{"url":"https:\/\/www.ihr-ferienpartner.de\/Angebot\/Anbietervergleich.jpg"}],"twitter_card":"summary_large_image","twitter_misc":{"Gesch\u00e4tzte Lesezeit":"2\u00a0Minuten"},"schema":{"@context":"https:\/\/schema.org","@graph":[{"@type":"WebPage","@id":"https:\/\/www.ihr-ferienpartner.de\/mobil\/info-corona-virus\/","url":"https:\/\/www.ihr-ferienpartner.de\/mobil\/info-corona-virus\/","name":"Reisehinweise & -information - FINDE DEIN SPONTANIEN - Reisen g\u00fcnstig buchen","isPartOf":{"@id":"https:\/\/www.ihr-ferienpartner.de\/mobil\/#website"},"primaryImageOfPage":{"@id":"https:\/\/www.ihr-ferienpartner.de\/mobil\/info-corona-virus\/#primaryimage"},"image":{"@id":"https:\/\/www.ihr-ferienpartner.de\/mobil\/info-corona-virus\/#primaryimage"},"thumbnailUrl":"https:\/\/www.ihr-ferienpartner.de\/Angebot\/Anbietervergleich.jpg","datePublished":"2026-02-02T12:56:18+00:00","dateModified":"2026-02-02T12:57:28+00:00","breadcrumb":{"@id":"https:\/\/www.ihr-ferienpartner.de\/mobil\/info-corona-virus\/#breadcrumb"},"inLanguage":"de","potentialAction":[{"@type":"ReadAction","target":["https:\/\/www.ihr-ferienpartner.de\/mobil\/info-corona-virus\/"]}]},{"@type":"ImageObject","inLanguage":"de","@id":"https:\/\/www.ihr-ferienpartner.de\/mobil\/info-corona-virus\/#primaryimage","url":"https:\/\/www.ihr-ferienpartner.de\/Angebot\/Anbietervergleich.jpg","contentUrl":"https:\/\/www.ihr-ferienpartner.de\/Angebot\/Anbietervergleich.jpg"},{"@type":"BreadcrumbList","@id":"https:\/\/www.ihr-ferienpartner.de\/mobil\/info-corona-virus\/#breadcrumb","itemListElement":[{"@type":"ListItem","position":1,"name":"Startseite","item":"https:\/\/www.ihr-ferienpartner.de\/mobil\/"},{"@type":"ListItem","position":2,"name":"Reisehinweise &#038; -information"}]},{"@type":"WebSite","@id":"https:\/\/www.ihr-ferienpartner.de\/mobil\/#website","url":"https:\/\/www.ihr-ferienpartner.de\/mobil\/","name":"FINDE DEIN SPONTANIEN - Reisen g\u00fcnstig buchen","description":"Flugreisen im Preisvergleich mit flexiblen Terminen &amp; Abflughafen.","publisher":{"@id":"https:\/\/www.ihr-ferienpartner.de\/mobil\/#organization"},"potentialAction":[{"@type":"SearchAction","target":{"@type":"EntryPoint","urlTemplate":"https:\/\/www.ihr-ferienpartner.de\/mobil\/?s={search_term_string}"},"query-input":"required name=search_term_string"}],"inLanguage":"de"},{"@type":"Organization","@id":"https:\/\/www.ihr-ferienpartner.de\/mobil\/#organization","name":"FINDE DEIN SPONTANIEN - Reisen g\u00fcnstig buchen","url":"https:\/\/www.ihr-ferienpartner.de\/mobil\/","logo":{"@type":"ImageObject","inLanguage":"de","@id":"https:\/\/www.ihr-ferienpartner.de\/mobil\/#\/schema\/logo\/image\/","url":"https:\/\/www.ihr-ferienpartner.de\/mobil\/wp-content\/uploads\/2019\/10\/spontanien.jpg","contentUrl":"https:\/\/www.ihr-ferienpartner.de\/mobil\/wp-content\/uploads\/2019\/10\/spontanien.jpg","width":818,"height":200,"caption":"FINDE DEIN SPONTANIEN - Reisen g\u00fcnstig buchen"},"image":{"@id":"https:\/\/www.ihr-ferienpartner.de\/mobil\/#\/schema\/logo\/image\/"}}]}},"_links":{"self":[{"href":"https:\/\/www.ihr-ferienpartner.de\/mobil\/wp-json\/wp\/v2\/pages\/2810"}],"collection":[{"href":"https:\/\/www.ihr-ferienpartner.de\/mobil\/wp-json\/wp\/v2\/pages"}],"about":[{"href":"https:\/\/www.ihr-ferienpartner.de\/mobil\/wp-json\/wp\/v2\/types\/page"}],"author":[{"embeddable":true,"href":"https:\/\/www.ihr-ferienpartner.de\/mobil\/wp-json\/wp\/v2\/users\/1"}],"replies":[{"embeddable":true,"href":"https:\/\/www.ihr-ferienpartner.de\/mobil\/wp-json\/wp\/v2\/comments?post=2810"}],"version-history":[{"count":241,"href":"https:\/\/www.ihr-ferienpartner.de\/mobil\/wp-json\/wp\/v2\/pages\/2810\/revisions"}],"predecessor-version":[{"id":5855,"href":"https:\/\/www.ihr-ferienpartner.de\/mobil\/wp-json\/wp\/v2\/pages\/2810\/revisions\/5855"}],"wp:attachment":[{"href":"https:\/\/www.ihr-ferienpartner.de\/mobil\/wp-json\/wp\/v2\/media?parent=2810"}],"curies":[{"name":"wp","href":"https:\/\/api.w.org\/{rel}","templated":true}]}}