{"id":315,"date":"2025-09-15T11:08:19","date_gmt":"2025-09-15T09:08:19","guid":{"rendered":"http:\/\/www.ihr-ferienpartner.de\/mobil\/?page_id=315"},"modified":"2025-09-15T11:08:20","modified_gmt":"2025-09-15T09:08:20","slug":"sommerferien-ab-basel","status":"publish","type":"page","link":"https:\/\/www.ihr-ferienpartner.de\/mobil\/sommerferien-ab-basel\/","title":{"rendered":"Sommerferien 2026- ab BaW\u00fc-Flughafen, z.B. ab Basel, Baden-Baden &#038; Stuttgart"},"content":{"rendered":"<div style=\"background-color: #ffffff; padding: 20px 20px 20px 20px;\">\n<h1>Sommerferien 2026 &#8211; ab BaW\u00fc-Flughafen, z.B. ab Basel, Baden-Baden &#038; Stuttgart<\/h1>\n<hr>\n<div style=\"background-color: #e1eaed; padding: 5px 10px 10px 10px;\">\n<strong>Die Sommerferien (Do. 30.07. &#8211; So. 13.09.2026 f\u00fcr Baden-W\u00fcrttemberg) sind die Hauptreisezeit <\/strong>f\u00fcr fast alle von den Schulferien abh\u00e4ngigen Urlauber, <strong>daher r\u00e4t es sich m\u00f6glichst fr\u00fch Reisen zu buchen<\/strong>, um sich die besten Verf\u00fcgbarkeiten und die besten Preise zu sichern.\n<\/div>\n<hr>\n<p><a href=\"https:\/\/www.ihr-ferienpartner.de\/mobil\/dl-pauschal2\/?departures=MLH,FKB,BSL,STR&amp;from=30.07.2026&amp;to=13.09.2026&amp;duration=7-7&amp;minRecommrate=70&amp;category=3\"><strong>Hier geht es zu allen verf\u00fcgbaren Reisezielen, mit<\/strong><\/a><strong><br \/>\n&#8211; 1 Woche in den Sommerferien 2026 (BaW\u00fc)<br \/>\n&#8211; ab BaW\u00fc-Flughafen, z.B. ab Basel, Baden-Baden &#038; Stuttgart<br \/>\n&#8211; Unterk\u00fcnfte (ab Kat.3) mit mind. 70% Weiterempfehlungsrate<\/strong><br \/>\n<a href=\"https:\/\/www.ihr-ferienpartner.de\/mobil\/dl-pauschal2\/?departures=MLH,FKB,BSL,STR&amp;from=30.07.2026&amp;to=13.09.2026&amp;duration=7-7&amp;minRecommrate=70&amp;category=3\">zu den Angeboten &gt;&gt;<\/a><\/p>\n<hr>\n<p><a href=\"https:\/\/www.ihr-ferienpartner.de\/mobil\/dl-pauschal2\/?departures=MLH,FKB,BSL,STR&amp;from=30.07.2026&amp;to=13.09.2026&amp;duration=7-7&amp;minRecommrate=70&amp;category=3&amp;regionId=100000\"><strong>Balearische Inseln &gt;&gt;<\/strong><br \/>\n<img loading=\"lazy\" decoding=\"async\" src=\"https:\/\/www.ihr-ferienpartner.de\/Angebot\/Mallorca.jpg\" alt=\"Balearen Sommerferien\" width=\"886\" height=\"147\"><\/a><\/p>\n<hr>\n<p><a href=\"https:\/\/www.ihr-ferienpartner.de\/mobil\/dl-pauschal2\/?departures=MLH,FKB,BSL,STR&amp;from=30.07.2026&amp;to=13.09.2026&amp;duration=7-7&amp;minRecommrate=70&amp;category=3&amp;regionId=100002\"><strong>Griechische Inseln &gt;&gt;<\/strong><br \/>\n<img loading=\"lazy\" decoding=\"async\" src=\"https:\/\/www.ihr-ferienpartner.de\/Angebot\/Kreta.jpg\" alt=\"Griechenland Sommerferien\" width=\"886\" height=\"147\"><\/a><\/p>\n<hr>\n<p><a href=\"https:\/\/www.ihr-ferienpartner.de\/mobil\/dl-pauschal2\/?departures=MLH,FKB,BSL,STR&amp;from=30.07.2026&amp;to=13.09.2026&amp;duration=7-7&amp;minRecommrate=70&amp;category=3&amp;regionId=851\"><strong>Kanarische Inseln &gt;&gt;<\/strong><br \/>\n<img loading=\"lazy\" decoding=\"async\" src=\"https:\/\/www.ihr-ferienpartner.de\/Angebot\/Fuerteventura.jpg\" alt=\"Kanaren Sommerferien\" width=\"886\" height=\"147\"><\/a><\/p>\n<hr>\n<p><a href=\"https:\/\/www.ihr-ferienpartner.de\/mobil\/dl-pauschal2\/?departures=MLH,FKB,BSL,STR&amp;from=30.07.2026&amp;to=13.09.2026&amp;duration=7-7&amp;minRecommrate=70&amp;category=3&amp;regionId=149,144\"><strong>Tuerkei &#8211; Riviera &amp; \u00c4g\u00e4is &gt;&gt;<\/strong><br \/>\n<img loading=\"lazy\" decoding=\"async\" src=\"https:\/\/www.ihr-ferienpartner.de\/Angebot\/Tuerkei.jpg\" alt=\"T\u00fcrkei - Sommerferien an der t\u00fcrkischen \u00c4g\u00e4is oder Riviera\" width=\"886\" height=\"147\"><\/a><\/p>\n<hr>\n<p><strong><a href=\"https:\/\/www.ihr-ferienpartner.de\/mobil\/dl-pauschal2\/?departures=MLH,FKB,BSL,STR&amp;from=30.07.2026&amp;to=13.09.2026&amp;duration=7-7&amp;minRecommrate=70&amp;category=3\">alle Regionen &amp; Hotels mit Verf\u00fcgbarkeiten ab Euroairport Basel-Mulhouse, Stuttgart oder Karlsruhe-Baden &gt;&gt;<\/a><\/strong><\/p>\n<hr>\n<p><img decoding=\"async\" src=\"https:\/\/www.ihr-ferienpartner.de\/Reisen\/Schulferien3.jpg\" alt=\"Sommerferien ab Stuttgart, Karlsruhe-Baden und Basel-Mulhouse\"><\/p>\n<\/div>\n","protected":false},"excerpt":{"rendered":"<p>Sommerferien 2026 &#8211; ab BaW\u00fc-Flughafen, z.B. ab Basel, Baden-Baden &#038; Stuttgart Die Sommerferien (Do. 30.07. &#8211; So. 13.09.2026 f\u00fcr Baden-W\u00fcrttemberg) sind die Hauptreisezeit f\u00fcr fast alle von den Schulferien abh\u00e4ngigen Urlauber, daher r\u00e4t es sich m\u00f6glichst fr\u00fch Reisen zu buchen, um sich die besten Verf\u00fcgbarkeiten und die besten Preise zu sichern. Hier geht es zu [&hellip;]<\/p>\n","protected":false},"author":1,"featured_media":0,"parent":0,"menu_order":0,"comment_status":"closed","ping_status":"closed","template":"","meta":{"footnotes":""},"yoast_head":"<!-- This site is optimized with the Yoast SEO plugin v22.8 - https:\/\/yoast.com\/wordpress\/plugins\/seo\/ -->\n<title>Sommerferien 2026 - Reisen ab Basel, Karlsruhe-Baden &amp; Stuttgart<\/title>\n<meta name=\"description\" content=\"Fr\u00fchbucher-Rabatt sichern - jetzt Urlaub in den Sommerferien buchen - Preisvergleich, Bewertungen, Wunschabflughafen.\" \/>\n<meta name=\"robots\" content=\"index, follow, max-snippet:-1, max-image-preview:large, max-video-preview:-1\" \/>\n<link rel=\"canonical\" href=\"https:\/\/www.ihr-ferienpartner.de\/mobil\/sommerferien-ab-basel\/\" \/>\n<meta property=\"og:locale\" content=\"de_DE\" \/>\n<meta property=\"og:type\" content=\"article\" \/>\n<meta property=\"og:title\" content=\"Sommerferien 2026 - Reisen ab Basel, Karlsruhe-Baden &amp; Stuttgart\" \/>\n<meta property=\"og:description\" content=\"Fr\u00fchbucher-Rabatt sichern - jetzt Urlaub in den Sommerferien buchen - Preisvergleich, Bewertungen, Wunschabflughafen.\" \/>\n<meta property=\"og:url\" content=\"https:\/\/www.ihr-ferienpartner.de\/mobil\/sommerferien-ab-basel\/\" \/>\n<meta property=\"og:site_name\" content=\"FINDE DEIN SPONTANIEN - Reisen g\u00fcnstig buchen\" \/>\n<meta property=\"article:modified_time\" content=\"2025-09-15T09:08:20+00:00\" \/>\n<meta property=\"og:image\" content=\"https:\/\/www.ihr-ferienpartner.de\/Angebot\/Mallorca.jpg\" \/>\n<meta name=\"twitter:card\" content=\"summary_large_image\" \/>\n<meta name=\"twitter:label1\" content=\"Gesch\u00e4tzte Lesezeit\" \/>\n\t<meta name=\"twitter:data1\" content=\"2\u00a0Minuten\" \/>\n<script type=\"application\/ld+json\" class=\"yoast-schema-graph\">{\"@context\":\"https:\/\/schema.org\",\"@graph\":[{\"@type\":\"WebPage\",\"@id\":\"https:\/\/www.ihr-ferienpartner.de\/mobil\/sommerferien-ab-basel\/\",\"url\":\"https:\/\/www.ihr-ferienpartner.de\/mobil\/sommerferien-ab-basel\/\",\"name\":\"Sommerferien 2026 - Reisen ab Basel, Karlsruhe-Baden & Stuttgart\",\"isPartOf\":{\"@id\":\"https:\/\/www.ihr-ferienpartner.de\/mobil\/#website\"},\"primaryImageOfPage\":{\"@id\":\"https:\/\/www.ihr-ferienpartner.de\/mobil\/sommerferien-ab-basel\/#primaryimage\"},\"image\":{\"@id\":\"https:\/\/www.ihr-ferienpartner.de\/mobil\/sommerferien-ab-basel\/#primaryimage\"},\"thumbnailUrl\":\"https:\/\/www.ihr-ferienpartner.de\/Angebot\/Mallorca.jpg\",\"datePublished\":\"2025-09-15T09:08:19+00:00\",\"dateModified\":\"2025-09-15T09:08:20+00:00\",\"description\":\"Fr\u00fchbucher-Rabatt sichern - jetzt Urlaub in den Sommerferien buchen - Preisvergleich, Bewertungen, Wunschabflughafen.\",\"breadcrumb\":{\"@id\":\"https:\/\/www.ihr-ferienpartner.de\/mobil\/sommerferien-ab-basel\/#breadcrumb\"},\"inLanguage\":\"de\",\"potentialAction\":[{\"@type\":\"ReadAction\",\"target\":[\"https:\/\/www.ihr-ferienpartner.de\/mobil\/sommerferien-ab-basel\/\"]}]},{\"@type\":\"ImageObject\",\"inLanguage\":\"de\",\"@id\":\"https:\/\/www.ihr-ferienpartner.de\/mobil\/sommerferien-ab-basel\/#primaryimage\",\"url\":\"https:\/\/www.ihr-ferienpartner.de\/Angebot\/Mallorca.jpg\",\"contentUrl\":\"https:\/\/www.ihr-ferienpartner.de\/Angebot\/Mallorca.jpg\"},{\"@type\":\"BreadcrumbList\",\"@id\":\"https:\/\/www.ihr-ferienpartner.de\/mobil\/sommerferien-ab-basel\/#breadcrumb\",\"itemListElement\":[{\"@type\":\"ListItem\",\"position\":1,\"name\":\"Startseite\",\"item\":\"https:\/\/www.ihr-ferienpartner.de\/mobil\/\"},{\"@type\":\"ListItem\",\"position\":2,\"name\":\"Sommerferien 2026- ab BaW\u00fc-Flughafen, z.B. ab Basel, Baden-Baden &#038; Stuttgart\"}]},{\"@type\":\"WebSite\",\"@id\":\"https:\/\/www.ihr-ferienpartner.de\/mobil\/#website\",\"url\":\"https:\/\/www.ihr-ferienpartner.de\/mobil\/\",\"name\":\"FINDE DEIN SPONTANIEN - Reisen g\u00fcnstig buchen\",\"description\":\"Flugreisen im Preisvergleich mit flexiblen Terminen &amp; Abflughafen.\",\"publisher\":{\"@id\":\"https:\/\/www.ihr-ferienpartner.de\/mobil\/#organization\"},\"potentialAction\":[{\"@type\":\"SearchAction\",\"target\":{\"@type\":\"EntryPoint\",\"urlTemplate\":\"https:\/\/www.ihr-ferienpartner.de\/mobil\/?s={search_term_string}\"},\"query-input\":\"required name=search_term_string\"}],\"inLanguage\":\"de\"},{\"@type\":\"Organization\",\"@id\":\"https:\/\/www.ihr-ferienpartner.de\/mobil\/#organization\",\"name\":\"FINDE DEIN SPONTANIEN - Reisen g\u00fcnstig buchen\",\"url\":\"https:\/\/www.ihr-ferienpartner.de\/mobil\/\",\"logo\":{\"@type\":\"ImageObject\",\"inLanguage\":\"de\",\"@id\":\"https:\/\/www.ihr-ferienpartner.de\/mobil\/#\/schema\/logo\/image\/\",\"url\":\"https:\/\/www.ihr-ferienpartner.de\/mobil\/wp-content\/uploads\/2019\/10\/spontanien.jpg\",\"contentUrl\":\"https:\/\/www.ihr-ferienpartner.de\/mobil\/wp-content\/uploads\/2019\/10\/spontanien.jpg\",\"width\":818,\"height\":200,\"caption\":\"FINDE DEIN SPONTANIEN - Reisen g\u00fcnstig buchen\"},\"image\":{\"@id\":\"https:\/\/www.ihr-ferienpartner.de\/mobil\/#\/schema\/logo\/image\/\"}}]}<\/script>\n<!-- \/ Yoast SEO plugin. -->","yoast_head_json":{"title":"Sommerferien 2026 - Reisen ab Basel, Karlsruhe-Baden & Stuttgart","description":"Fr\u00fchbucher-Rabatt sichern - jetzt Urlaub in den Sommerferien buchen - Preisvergleich, Bewertungen, Wunschabflughafen.","robots":{"index":"index","follow":"follow","max-snippet":"max-snippet:-1","max-image-preview":"max-image-preview:large","max-video-preview":"max-video-preview:-1"},"canonical":"https:\/\/www.ihr-ferienpartner.de\/mobil\/sommerferien-ab-basel\/","og_locale":"de_DE","og_type":"article","og_title":"Sommerferien 2026 - Reisen ab Basel, Karlsruhe-Baden & Stuttgart","og_description":"Fr\u00fchbucher-Rabatt sichern - jetzt Urlaub in den Sommerferien buchen - Preisvergleich, Bewertungen, Wunschabflughafen.","og_url":"https:\/\/www.ihr-ferienpartner.de\/mobil\/sommerferien-ab-basel\/","og_site_name":"FINDE DEIN SPONTANIEN - Reisen g\u00fcnstig buchen","article_modified_time":"2025-09-15T09:08:20+00:00","og_image":[{"url":"https:\/\/www.ihr-ferienpartner.de\/Angebot\/Mallorca.jpg"}],"twitter_card":"summary_large_image","twitter_misc":{"Gesch\u00e4tzte Lesezeit":"2\u00a0Minuten"},"schema":{"@context":"https:\/\/schema.org","@graph":[{"@type":"WebPage","@id":"https:\/\/www.ihr-ferienpartner.de\/mobil\/sommerferien-ab-basel\/","url":"https:\/\/www.ihr-ferienpartner.de\/mobil\/sommerferien-ab-basel\/","name":"Sommerferien 2026 - Reisen ab Basel, Karlsruhe-Baden & Stuttgart","isPartOf":{"@id":"https:\/\/www.ihr-ferienpartner.de\/mobil\/#website"},"primaryImageOfPage":{"@id":"https:\/\/www.ihr-ferienpartner.de\/mobil\/sommerferien-ab-basel\/#primaryimage"},"image":{"@id":"https:\/\/www.ihr-ferienpartner.de\/mobil\/sommerferien-ab-basel\/#primaryimage"},"thumbnailUrl":"https:\/\/www.ihr-ferienpartner.de\/Angebot\/Mallorca.jpg","datePublished":"2025-09-15T09:08:19+00:00","dateModified":"2025-09-15T09:08:20+00:00","description":"Fr\u00fchbucher-Rabatt sichern - jetzt Urlaub in den Sommerferien buchen - Preisvergleich, Bewertungen, Wunschabflughafen.","breadcrumb":{"@id":"https:\/\/www.ihr-ferienpartner.de\/mobil\/sommerferien-ab-basel\/#breadcrumb"},"inLanguage":"de","potentialAction":[{"@type":"ReadAction","target":["https:\/\/www.ihr-ferienpartner.de\/mobil\/sommerferien-ab-basel\/"]}]},{"@type":"ImageObject","inLanguage":"de","@id":"https:\/\/www.ihr-ferienpartner.de\/mobil\/sommerferien-ab-basel\/#primaryimage","url":"https:\/\/www.ihr-ferienpartner.de\/Angebot\/Mallorca.jpg","contentUrl":"https:\/\/www.ihr-ferienpartner.de\/Angebot\/Mallorca.jpg"},{"@type":"BreadcrumbList","@id":"https:\/\/www.ihr-ferienpartner.de\/mobil\/sommerferien-ab-basel\/#breadcrumb","itemListElement":[{"@type":"ListItem","position":1,"name":"Startseite","item":"https:\/\/www.ihr-ferienpartner.de\/mobil\/"},{"@type":"ListItem","position":2,"name":"Sommerferien 2026- ab BaW\u00fc-Flughafen, z.B. ab Basel, Baden-Baden &#038; Stuttgart"}]},{"@type":"WebSite","@id":"https:\/\/www.ihr-ferienpartner.de\/mobil\/#website","url":"https:\/\/www.ihr-ferienpartner.de\/mobil\/","name":"FINDE DEIN SPONTANIEN - Reisen g\u00fcnstig buchen","description":"Flugreisen im Preisvergleich mit flexiblen Terminen &amp; Abflughafen.","publisher":{"@id":"https:\/\/www.ihr-ferienpartner.de\/mobil\/#organization"},"potentialAction":[{"@type":"SearchAction","target":{"@type":"EntryPoint","urlTemplate":"https:\/\/www.ihr-ferienpartner.de\/mobil\/?s={search_term_string}"},"query-input":"required name=search_term_string"}],"inLanguage":"de"},{"@type":"Organization","@id":"https:\/\/www.ihr-ferienpartner.de\/mobil\/#organization","name":"FINDE DEIN SPONTANIEN - Reisen g\u00fcnstig buchen","url":"https:\/\/www.ihr-ferienpartner.de\/mobil\/","logo":{"@type":"ImageObject","inLanguage":"de","@id":"https:\/\/www.ihr-ferienpartner.de\/mobil\/#\/schema\/logo\/image\/","url":"https:\/\/www.ihr-ferienpartner.de\/mobil\/wp-content\/uploads\/2019\/10\/spontanien.jpg","contentUrl":"https:\/\/www.ihr-ferienpartner.de\/mobil\/wp-content\/uploads\/2019\/10\/spontanien.jpg","width":818,"height":200,"caption":"FINDE DEIN SPONTANIEN - Reisen g\u00fcnstig buchen"},"image":{"@id":"https:\/\/www.ihr-ferienpartner.de\/mobil\/#\/schema\/logo\/image\/"}}]}},"_links":{"self":[{"href":"https:\/\/www.ihr-ferienpartner.de\/mobil\/wp-json\/wp\/v2\/pages\/315"}],"collection":[{"href":"https:\/\/www.ihr-ferienpartner.de\/mobil\/wp-json\/wp\/v2\/pages"}],"about":[{"href":"https:\/\/www.ihr-ferienpartner.de\/mobil\/wp-json\/wp\/v2\/types\/page"}],"author":[{"embeddable":true,"href":"https:\/\/www.ihr-ferienpartner.de\/mobil\/wp-json\/wp\/v2\/users\/1"}],"replies":[{"embeddable":true,"href":"https:\/\/www.ihr-ferienpartner.de\/mobil\/wp-json\/wp\/v2\/comments?post=315"}],"version-history":[{"count":63,"href":"https:\/\/www.ihr-ferienpartner.de\/mobil\/wp-json\/wp\/v2\/pages\/315\/revisions"}],"predecessor-version":[{"id":5832,"href":"https:\/\/www.ihr-ferienpartner.de\/mobil\/wp-json\/wp\/v2\/pages\/315\/revisions\/5832"}],"wp:attachment":[{"href":"https:\/\/www.ihr-ferienpartner.de\/mobil\/wp-json\/wp\/v2\/media?parent=315"}],"curies":[{"name":"wp","href":"https:\/\/api.w.org\/{rel}","templated":true}]}}