{"id":3806,"date":"2024-06-17T13:04:30","date_gmt":"2024-06-17T11:04:30","guid":{"rendered":"http:\/\/www.ihr-ferienpartner.de\/mobil\/?page_id=3806"},"modified":"2024-06-17T13:09:45","modified_gmt":"2024-06-17T11:09:45","slug":"atlantica-porto-bello-beach","status":"publish","type":"page","link":"https:\/\/www.ihr-ferienpartner.de\/mobil\/atlantica-porto-bello-beach\/","title":{"rendered":"Porto Bello Beach"},"content":{"rendered":"<div style=\"background-color: #ffffff; padding: 20px 20px 20px 20px;\">\n<h1>Porto Bello Beach (Kardamena, Kos)<\/h1>\n<p><img decoding=\"async\" src=\"https:\/\/www.ihr-ferienpartner.de\/Kos\/PortoBelloBeach.jpg\" alt=\"Willkommen auf der Porto Bello Beach Kos-Webseite von ihr-ferienpartner.de\" title=\"Reisen nach Kos ins Porto Bello Beach\"><br \/>\n<font size=\"-1\">Die all-inclusive 4-Sterne-Anlage ist ideal f\u00fcr Familien. Das Hotel liegt direkt am flach abfallenden Sand-\/Kiesstrand mit Marina und ca. 3km vom Ort Kardamena mit vielen Einkaufs- und Unterhaltungsm\u00f6glichkeiten. Eine gro\u00dfz\u00fcgige Poolanlage und ein gepflegter Garten sind ideal f\u00fcr einen erholsamen Urlaub. Mehrere Restaurants und Bars sorgen f\u00fcr den kulinarischen Genu\u00df. Highlight: Der zur Kette geh\u00f6rende Atlantica Porto Bello Wasserpark (gg. Geb\u00fchr).<\/font><\/p>\n<hr>\n<p><font size=\"-1\"><b><font color=\"b62b31\">Nachbarhotels in Kardamena:<\/font><\/b> <a href=\"https:\/\/www.ihr-ferienpartner.de\/mobil\/atlantica-porto-bello-royal\/\">Porto Bello Royal<\/a> &#8211; <a href=\"https:\/\/www.ihr-ferienpartner.de\/mobil\/atlantica-beach-resort-kos\/\">Atlantica Beach Resort Kos<\/a><br \/>\n<font size=\"-1\"><b><font color=\"b62b31\">weitere Hotel-Tipps auf Kos:<\/font><\/b> <a href=\"https:\/\/www.ihr-ferienpartner.de\/mobil\/horizon-beach-resort\/\">Horizon Beach Resort, Mastichari<\/a> &#8211; <a href=\"https:\/\/www.ihr-ferienpartner.de\/mobil\/neptune-hotels-resort\/\">Neptune Hotels Resort, Mastichari<\/a> &#8211; <a href=\"https:\/\/www.ihr-ferienpartner.de\/mobil\/magic-life-marmari-palace\/\">MAGIC LIFE Marmari Palace, Mastichari<\/a> &#8211; <a href=\"https:\/\/www.ihr-ferienpartner.de\/mobil\/robinson-club-daidalos\/\">ROBINSON Club Daidalos, Kardamena<\/a><br \/>\n<b><font color=\"b62b31\">alle Hotels auf:<\/font><\/b> <a href=\"https:\/\/www.ihr-ferienpartner.de\/mobil\/kos\">Kos &gt;&gt;<\/a><\/font><\/font><\/p>\n<hr>\n<div id=\"ypsnet-ibe\" data-src=\"https:\/\/b2b.specials.de\/index\/jump\/119\/2780\/991880\/?action=dates&amp;regionId=45&amp;from=15&amp;to=316&amp;duration=7-7&amp;maxPrice=5000&amp;adults=2&amp;giataId=6400\"><\/div>\n<p><script src=\"https:\/\/webmedia.ypsilon.net\/spl_js\/ypsnet-ibe.js\"><\/script><\/p>\n<\/div>\n<div style=\"background-color: #ffffff; padding: 20px 20px 20px 20px;\">\n<hr>\n<p><b>Traumurlaub im Atlantica Porto Bello Beach auf Kos:<\/b><br \/>\nBuchen Sie Ihre Reise nach Kardamena und profitieren Sie u.a. vom Anbieter-Preisvergleich und Hotel-Rankings aus \u00fcber 1.000.000 authentischen Hotelbewertungen.<\/p>\n<p><img decoding=\"async\" src=\"https:\/\/www.ihr-ferienpartner.de\/Angebot\/Anbietervergleich.jpg\" alt=\"Reisen nach Kos ins Atlantica Porto Bello Beach\" title=\"Reisen nach Kos, Atlantica Porto Bello Beach\"><\/p>\n<\/div>\n","protected":false},"excerpt":{"rendered":"<p>Porto Bello Beach (Kardamena, Kos) Die all-inclusive 4-Sterne-Anlage ist ideal f\u00fcr Familien. Das Hotel liegt direkt am flach abfallenden Sand-\/Kiesstrand mit Marina und ca. 3km vom Ort Kardamena mit vielen Einkaufs- und Unterhaltungsm\u00f6glichkeiten. Eine gro\u00dfz\u00fcgige Poolanlage und ein gepflegter Garten sind ideal f\u00fcr einen erholsamen Urlaub. Mehrere Restaurants und Bars sorgen f\u00fcr den kulinarischen Genu\u00df. [&hellip;]<\/p>\n","protected":false},"author":1,"featured_media":0,"parent":0,"menu_order":0,"comment_status":"closed","ping_status":"closed","template":"","meta":{"footnotes":""},"yoast_head":"<!-- This site is optimized with the Yoast SEO plugin v22.8 - https:\/\/yoast.com\/wordpress\/plugins\/seo\/ -->\n<title>Porto Bello Beach - Urlaub auf Kos g\u00fcnstig buchen<\/title>\n<meta name=\"description\" content=\"Sparen Sie bei Ihrer Kos-Reise durch Anbieter-Preisvergleich, flexible Terminauswahl, alle Abflughafen, Hotelbewertungen.\" \/>\n<meta name=\"robots\" content=\"index, follow, max-snippet:-1, max-image-preview:large, max-video-preview:-1\" \/>\n<link rel=\"canonical\" href=\"https:\/\/www.ihr-ferienpartner.de\/mobil\/atlantica-porto-bello-beach\/\" \/>\n<meta property=\"og:locale\" content=\"de_DE\" \/>\n<meta property=\"og:type\" content=\"article\" \/>\n<meta property=\"og:title\" content=\"Porto Bello Beach - Urlaub auf Kos g\u00fcnstig buchen\" \/>\n<meta property=\"og:description\" content=\"Sparen Sie bei Ihrer Kos-Reise durch Anbieter-Preisvergleich, flexible Terminauswahl, alle Abflughafen, Hotelbewertungen.\" \/>\n<meta property=\"og:url\" content=\"https:\/\/www.ihr-ferienpartner.de\/mobil\/atlantica-porto-bello-beach\/\" \/>\n<meta property=\"og:site_name\" content=\"FINDE DEIN SPONTANIEN - Reisen g\u00fcnstig buchen\" \/>\n<meta property=\"article:modified_time\" content=\"2024-06-17T11:09:45+00:00\" \/>\n<meta property=\"og:image\" content=\"https:\/\/www.ihr-ferienpartner.de\/Kos\/PortoBelloBeach.jpg\" \/>\n<meta name=\"twitter:card\" content=\"summary_large_image\" \/>\n<meta name=\"twitter:label1\" content=\"Gesch\u00e4tzte Lesezeit\" \/>\n\t<meta name=\"twitter:data1\" content=\"2\u00a0Minuten\" \/>\n<script type=\"application\/ld+json\" class=\"yoast-schema-graph\">{\"@context\":\"https:\/\/schema.org\",\"@graph\":[{\"@type\":\"WebPage\",\"@id\":\"https:\/\/www.ihr-ferienpartner.de\/mobil\/atlantica-porto-bello-beach\/\",\"url\":\"https:\/\/www.ihr-ferienpartner.de\/mobil\/atlantica-porto-bello-beach\/\",\"name\":\"Porto Bello Beach - Urlaub auf Kos g\u00fcnstig buchen\",\"isPartOf\":{\"@id\":\"https:\/\/www.ihr-ferienpartner.de\/mobil\/#website\"},\"primaryImageOfPage\":{\"@id\":\"https:\/\/www.ihr-ferienpartner.de\/mobil\/atlantica-porto-bello-beach\/#primaryimage\"},\"image\":{\"@id\":\"https:\/\/www.ihr-ferienpartner.de\/mobil\/atlantica-porto-bello-beach\/#primaryimage\"},\"thumbnailUrl\":\"https:\/\/www.ihr-ferienpartner.de\/Kos\/PortoBelloBeach.jpg\",\"datePublished\":\"2024-06-17T11:04:30+00:00\",\"dateModified\":\"2024-06-17T11:09:45+00:00\",\"description\":\"Sparen Sie bei Ihrer Kos-Reise durch Anbieter-Preisvergleich, flexible Terminauswahl, alle Abflughafen, Hotelbewertungen.\",\"breadcrumb\":{\"@id\":\"https:\/\/www.ihr-ferienpartner.de\/mobil\/atlantica-porto-bello-beach\/#breadcrumb\"},\"inLanguage\":\"de\",\"potentialAction\":[{\"@type\":\"ReadAction\",\"target\":[\"https:\/\/www.ihr-ferienpartner.de\/mobil\/atlantica-porto-bello-beach\/\"]}]},{\"@type\":\"ImageObject\",\"inLanguage\":\"de\",\"@id\":\"https:\/\/www.ihr-ferienpartner.de\/mobil\/atlantica-porto-bello-beach\/#primaryimage\",\"url\":\"https:\/\/www.ihr-ferienpartner.de\/Kos\/PortoBelloBeach.jpg\",\"contentUrl\":\"https:\/\/www.ihr-ferienpartner.de\/Kos\/PortoBelloBeach.jpg\"},{\"@type\":\"BreadcrumbList\",\"@id\":\"https:\/\/www.ihr-ferienpartner.de\/mobil\/atlantica-porto-bello-beach\/#breadcrumb\",\"itemListElement\":[{\"@type\":\"ListItem\",\"position\":1,\"name\":\"Startseite\",\"item\":\"https:\/\/www.ihr-ferienpartner.de\/mobil\/\"},{\"@type\":\"ListItem\",\"position\":2,\"name\":\"Porto Bello Beach\"}]},{\"@type\":\"WebSite\",\"@id\":\"https:\/\/www.ihr-ferienpartner.de\/mobil\/#website\",\"url\":\"https:\/\/www.ihr-ferienpartner.de\/mobil\/\",\"name\":\"FINDE DEIN SPONTANIEN - Reisen g\u00fcnstig buchen\",\"description\":\"Flugreisen im Preisvergleich mit flexiblen Terminen &amp; Abflughafen.\",\"publisher\":{\"@id\":\"https:\/\/www.ihr-ferienpartner.de\/mobil\/#organization\"},\"potentialAction\":[{\"@type\":\"SearchAction\",\"target\":{\"@type\":\"EntryPoint\",\"urlTemplate\":\"https:\/\/www.ihr-ferienpartner.de\/mobil\/?s={search_term_string}\"},\"query-input\":\"required name=search_term_string\"}],\"inLanguage\":\"de\"},{\"@type\":\"Organization\",\"@id\":\"https:\/\/www.ihr-ferienpartner.de\/mobil\/#organization\",\"name\":\"FINDE DEIN SPONTANIEN - Reisen g\u00fcnstig buchen\",\"url\":\"https:\/\/www.ihr-ferienpartner.de\/mobil\/\",\"logo\":{\"@type\":\"ImageObject\",\"inLanguage\":\"de\",\"@id\":\"https:\/\/www.ihr-ferienpartner.de\/mobil\/#\/schema\/logo\/image\/\",\"url\":\"https:\/\/www.ihr-ferienpartner.de\/mobil\/wp-content\/uploads\/2019\/10\/spontanien.jpg\",\"contentUrl\":\"https:\/\/www.ihr-ferienpartner.de\/mobil\/wp-content\/uploads\/2019\/10\/spontanien.jpg\",\"width\":818,\"height\":200,\"caption\":\"FINDE DEIN SPONTANIEN - Reisen g\u00fcnstig buchen\"},\"image\":{\"@id\":\"https:\/\/www.ihr-ferienpartner.de\/mobil\/#\/schema\/logo\/image\/\"}}]}<\/script>\n<!-- \/ Yoast SEO plugin. -->","yoast_head_json":{"title":"Porto Bello Beach - Urlaub auf Kos g\u00fcnstig buchen","description":"Sparen Sie bei Ihrer Kos-Reise durch Anbieter-Preisvergleich, flexible Terminauswahl, alle Abflughafen, Hotelbewertungen.","robots":{"index":"index","follow":"follow","max-snippet":"max-snippet:-1","max-image-preview":"max-image-preview:large","max-video-preview":"max-video-preview:-1"},"canonical":"https:\/\/www.ihr-ferienpartner.de\/mobil\/atlantica-porto-bello-beach\/","og_locale":"de_DE","og_type":"article","og_title":"Porto Bello Beach - Urlaub auf Kos g\u00fcnstig buchen","og_description":"Sparen Sie bei Ihrer Kos-Reise durch Anbieter-Preisvergleich, flexible Terminauswahl, alle Abflughafen, Hotelbewertungen.","og_url":"https:\/\/www.ihr-ferienpartner.de\/mobil\/atlantica-porto-bello-beach\/","og_site_name":"FINDE DEIN SPONTANIEN - Reisen g\u00fcnstig buchen","article_modified_time":"2024-06-17T11:09:45+00:00","og_image":[{"url":"https:\/\/www.ihr-ferienpartner.de\/Kos\/PortoBelloBeach.jpg"}],"twitter_card":"summary_large_image","twitter_misc":{"Gesch\u00e4tzte Lesezeit":"2\u00a0Minuten"},"schema":{"@context":"https:\/\/schema.org","@graph":[{"@type":"WebPage","@id":"https:\/\/www.ihr-ferienpartner.de\/mobil\/atlantica-porto-bello-beach\/","url":"https:\/\/www.ihr-ferienpartner.de\/mobil\/atlantica-porto-bello-beach\/","name":"Porto Bello Beach - Urlaub auf Kos g\u00fcnstig buchen","isPartOf":{"@id":"https:\/\/www.ihr-ferienpartner.de\/mobil\/#website"},"primaryImageOfPage":{"@id":"https:\/\/www.ihr-ferienpartner.de\/mobil\/atlantica-porto-bello-beach\/#primaryimage"},"image":{"@id":"https:\/\/www.ihr-ferienpartner.de\/mobil\/atlantica-porto-bello-beach\/#primaryimage"},"thumbnailUrl":"https:\/\/www.ihr-ferienpartner.de\/Kos\/PortoBelloBeach.jpg","datePublished":"2024-06-17T11:04:30+00:00","dateModified":"2024-06-17T11:09:45+00:00","description":"Sparen Sie bei Ihrer Kos-Reise durch Anbieter-Preisvergleich, flexible Terminauswahl, alle Abflughafen, Hotelbewertungen.","breadcrumb":{"@id":"https:\/\/www.ihr-ferienpartner.de\/mobil\/atlantica-porto-bello-beach\/#breadcrumb"},"inLanguage":"de","potentialAction":[{"@type":"ReadAction","target":["https:\/\/www.ihr-ferienpartner.de\/mobil\/atlantica-porto-bello-beach\/"]}]},{"@type":"ImageObject","inLanguage":"de","@id":"https:\/\/www.ihr-ferienpartner.de\/mobil\/atlantica-porto-bello-beach\/#primaryimage","url":"https:\/\/www.ihr-ferienpartner.de\/Kos\/PortoBelloBeach.jpg","contentUrl":"https:\/\/www.ihr-ferienpartner.de\/Kos\/PortoBelloBeach.jpg"},{"@type":"BreadcrumbList","@id":"https:\/\/www.ihr-ferienpartner.de\/mobil\/atlantica-porto-bello-beach\/#breadcrumb","itemListElement":[{"@type":"ListItem","position":1,"name":"Startseite","item":"https:\/\/www.ihr-ferienpartner.de\/mobil\/"},{"@type":"ListItem","position":2,"name":"Porto Bello Beach"}]},{"@type":"WebSite","@id":"https:\/\/www.ihr-ferienpartner.de\/mobil\/#website","url":"https:\/\/www.ihr-ferienpartner.de\/mobil\/","name":"FINDE DEIN SPONTANIEN - Reisen g\u00fcnstig buchen","description":"Flugreisen im Preisvergleich mit flexiblen Terminen &amp; Abflughafen.","publisher":{"@id":"https:\/\/www.ihr-ferienpartner.de\/mobil\/#organization"},"potentialAction":[{"@type":"SearchAction","target":{"@type":"EntryPoint","urlTemplate":"https:\/\/www.ihr-ferienpartner.de\/mobil\/?s={search_term_string}"},"query-input":"required name=search_term_string"}],"inLanguage":"de"},{"@type":"Organization","@id":"https:\/\/www.ihr-ferienpartner.de\/mobil\/#organization","name":"FINDE DEIN SPONTANIEN - Reisen g\u00fcnstig buchen","url":"https:\/\/www.ihr-ferienpartner.de\/mobil\/","logo":{"@type":"ImageObject","inLanguage":"de","@id":"https:\/\/www.ihr-ferienpartner.de\/mobil\/#\/schema\/logo\/image\/","url":"https:\/\/www.ihr-ferienpartner.de\/mobil\/wp-content\/uploads\/2019\/10\/spontanien.jpg","contentUrl":"https:\/\/www.ihr-ferienpartner.de\/mobil\/wp-content\/uploads\/2019\/10\/spontanien.jpg","width":818,"height":200,"caption":"FINDE DEIN SPONTANIEN - Reisen g\u00fcnstig buchen"},"image":{"@id":"https:\/\/www.ihr-ferienpartner.de\/mobil\/#\/schema\/logo\/image\/"}}]}},"_links":{"self":[{"href":"https:\/\/www.ihr-ferienpartner.de\/mobil\/wp-json\/wp\/v2\/pages\/3806"}],"collection":[{"href":"https:\/\/www.ihr-ferienpartner.de\/mobil\/wp-json\/wp\/v2\/pages"}],"about":[{"href":"https:\/\/www.ihr-ferienpartner.de\/mobil\/wp-json\/wp\/v2\/types\/page"}],"author":[{"embeddable":true,"href":"https:\/\/www.ihr-ferienpartner.de\/mobil\/wp-json\/wp\/v2\/users\/1"}],"replies":[{"embeddable":true,"href":"https:\/\/www.ihr-ferienpartner.de\/mobil\/wp-json\/wp\/v2\/comments?post=3806"}],"version-history":[{"count":12,"href":"https:\/\/www.ihr-ferienpartner.de\/mobil\/wp-json\/wp\/v2\/pages\/3806\/revisions"}],"predecessor-version":[{"id":5656,"href":"https:\/\/www.ihr-ferienpartner.de\/mobil\/wp-json\/wp\/v2\/pages\/3806\/revisions\/5656"}],"wp:attachment":[{"href":"https:\/\/www.ihr-ferienpartner.de\/mobil\/wp-json\/wp\/v2\/media?parent=3806"}],"curies":[{"name":"wp","href":"https:\/\/api.w.org\/{rel}","templated":true}]}}