{"id":3910,"date":"2024-06-27T15:09:26","date_gmt":"2024-06-27T13:09:26","guid":{"rendered":"http:\/\/www.ihr-ferienpartner.de\/mobil\/?page_id=3910"},"modified":"2024-06-27T15:09:27","modified_gmt":"2024-06-27T13:09:27","slug":"kresten-palace","status":"publish","type":"page","link":"https:\/\/www.ihr-ferienpartner.de\/mobil\/kresten-palace\/","title":{"rendered":"Kresten Palace"},"content":{"rendered":"<div style=\"background-color: #ffffff; padding: 20px 20px 20px 20px;\">\n<h1>Kresten Palace<\/h1>\n<p>Kalithea (Rhodos)<\/p>\n<p><img decoding=\"async\" src=\"https:\/\/www.ihr-ferienpartner.de\/Rhodos\/KrestenPalace.jpg\" alt=\"Urlaub im Kresten Palace auf Rhodos g\u00fcnstig buchen\" title=\"Reisen nach Rhodos ins Kresten Palace\"><br \/>\n<font size=\"-1\">Das Hotel Kresten Palace besticht mit einer <b>wundersch\u00f6nen Gartenanlage<\/b> und einem <b>weitl\u00e4ufigen Poolbereich<\/b>. Die Lage in Kalithea nur <b>wenige Kilometer von Rhodos-Stadt<\/b> ist ideal f\u00fcr Ausfl\u00fcge. Neben Animationsprogramm f\u00fcr Kinder, Sportler oder Abendprogramm bietet das Hotel <b>sehr freundlichen Service<\/b>. Direkt am Hotel kann man \u00fcber Stufen zu einem kleiner Bucht hinabsteigen. Das Meer bei Kalithea ist <b>ideal zum Schnorcheln<\/b>. In der Umgebung des Hotels laden Kalithea Therme und Faliraki zu Besuchen ein. Das Hotel besticht durch <b>super Preis-Leistungs-Verh\u00e4ltnis<\/b>.<\/font><\/p>\n<hr>\n<p><font size=\"-1\"><b><font color=\"b62b31\">weitere Hotel-Tipps auf Rhodos:<\/font><\/b> <a href=\"https:\/\/www.ihr-ferienpartner.de\/mobil\/magic-life-plimmiri\/\">MAGIC LIFE Plimmiri<\/a>, Plimmiri &#8211; <a href=\"https:\/\/www.ihr-ferienpartner.de\/mobil\/sentido-apollo-blue\/\">Apollo Blue<\/a>, Faliraki &#8211; <a href=\"https:\/\/www.ihr-ferienpartner.de\/mobil\/sensimar-lindos-bay\/\">TUI BLUE Lindos Bay<\/a>, Lindos &#8211; <a href=\"https:\/\/www.ihr-ferienpartner.de\/mobil\/kresten-royal\/\">Kresten Royal<\/a>, Kalithea<br \/>\n<b><font color=\"b62b31\">alle Hotels auf:<\/font><\/b> <a href=\"https:\/\/www.ihr-ferienpartner.de\/mobil\/rhodos\">Rhodos &gt;&gt;<\/a><\/font><\/p>\n<hr>\n<\/div>\n<div id=\"ypsnet-ibe\" data-src=\"https:\/\/b2b.specials.de\/index\/jump\/119\/2780\/991880\/?action=dates&amp;regionId=59&amp;from=15&amp;to=316&amp;duration=7-7&amp;maxPrice=5000&amp;adults=2&amp;giataId=1281\"><\/div>\n<p><script src=\"https:\/\/webmedia.ypsilon.net\/spl_js\/ypsnet-ibe.js\"><\/script><\/p>\n<div style=\"background-color: #ffffff; padding: 20px 20px 20px 20px;\">\n<hr>\n<p><b>Traumurlaub im Kresten Palace auf Rhodos:<\/b><br \/>\nBuchen Sie Ihre Reise und profitieren Sie u.a. vom Anbieter-Preisvergleich und Hotel-Rankings aus \u00fcber 1.000.000 authentischen Hotelbewertungen.<\/p>\n<p><img decoding=\"async\" src=\"https:\/\/www.ihr-ferienpartner.de\/Angebot\/Anbietervergleich.jpg\" alt=\"Reisen nach Rhodos ins Kresten Palace\" title=\"Reisen nach Rhodos, Hotel Kresten Palace\"><\/p>\n<\/div>\n","protected":false},"excerpt":{"rendered":"<p>Kresten Palace Kalithea (Rhodos) Das Hotel Kresten Palace besticht mit einer wundersch\u00f6nen Gartenanlage und einem weitl\u00e4ufigen Poolbereich. Die Lage in Kalithea nur wenige Kilometer von Rhodos-Stadt ist ideal f\u00fcr Ausfl\u00fcge. Neben Animationsprogramm f\u00fcr Kinder, Sportler oder Abendprogramm bietet das Hotel sehr freundlichen Service. Direkt am Hotel kann man \u00fcber Stufen zu einem kleiner Bucht hinabsteigen. [&hellip;]<\/p>\n","protected":false},"author":1,"featured_media":0,"parent":0,"menu_order":0,"comment_status":"closed","ping_status":"closed","template":"","meta":{"footnotes":""},"yoast_head":"<!-- This site is optimized with the Yoast SEO plugin v22.8 - https:\/\/yoast.com\/wordpress\/plugins\/seo\/ -->\n<title>Kresten Palace - g\u00fcnstig Urlaub auf Rhodos buchen!<\/title>\n<meta name=\"description\" content=\"Urlaub im Kresten Palace mit super Preis-Leistungs-Verh\u00e4ltnis buchen: mit Preisvergleich, flexibler Terminauswahl, alle Abflughafen.\" \/>\n<meta name=\"robots\" content=\"index, follow, max-snippet:-1, max-image-preview:large, max-video-preview:-1\" \/>\n<link rel=\"canonical\" href=\"https:\/\/www.ihr-ferienpartner.de\/mobil\/kresten-palace\/\" \/>\n<meta property=\"og:locale\" content=\"de_DE\" \/>\n<meta property=\"og:type\" content=\"article\" \/>\n<meta property=\"og:title\" content=\"Kresten Palace - g\u00fcnstig Urlaub auf Rhodos buchen!\" \/>\n<meta property=\"og:description\" content=\"Urlaub im Kresten Palace mit super Preis-Leistungs-Verh\u00e4ltnis buchen: mit Preisvergleich, flexibler Terminauswahl, alle Abflughafen.\" \/>\n<meta property=\"og:url\" content=\"https:\/\/www.ihr-ferienpartner.de\/mobil\/kresten-palace\/\" \/>\n<meta property=\"og:site_name\" content=\"FINDE DEIN SPONTANIEN - Reisen g\u00fcnstig buchen\" \/>\n<meta property=\"article:modified_time\" content=\"2024-06-27T13:09:27+00:00\" \/>\n<meta property=\"og:image\" content=\"https:\/\/www.ihr-ferienpartner.de\/Rhodos\/KrestenPalace.jpg\" \/>\n<meta name=\"twitter:card\" content=\"summary_large_image\" \/>\n<meta name=\"twitter:label1\" content=\"Gesch\u00e4tzte Lesezeit\" \/>\n\t<meta name=\"twitter:data1\" content=\"2\u00a0Minuten\" \/>\n<script type=\"application\/ld+json\" class=\"yoast-schema-graph\">{\"@context\":\"https:\/\/schema.org\",\"@graph\":[{\"@type\":\"WebPage\",\"@id\":\"https:\/\/www.ihr-ferienpartner.de\/mobil\/kresten-palace\/\",\"url\":\"https:\/\/www.ihr-ferienpartner.de\/mobil\/kresten-palace\/\",\"name\":\"Kresten Palace - g\u00fcnstig Urlaub auf Rhodos buchen!\",\"isPartOf\":{\"@id\":\"https:\/\/www.ihr-ferienpartner.de\/mobil\/#website\"},\"primaryImageOfPage\":{\"@id\":\"https:\/\/www.ihr-ferienpartner.de\/mobil\/kresten-palace\/#primaryimage\"},\"image\":{\"@id\":\"https:\/\/www.ihr-ferienpartner.de\/mobil\/kresten-palace\/#primaryimage\"},\"thumbnailUrl\":\"https:\/\/www.ihr-ferienpartner.de\/Rhodos\/KrestenPalace.jpg\",\"datePublished\":\"2024-06-27T13:09:26+00:00\",\"dateModified\":\"2024-06-27T13:09:27+00:00\",\"description\":\"Urlaub im Kresten Palace mit super Preis-Leistungs-Verh\u00e4ltnis buchen: mit Preisvergleich, flexibler Terminauswahl, alle Abflughafen.\",\"breadcrumb\":{\"@id\":\"https:\/\/www.ihr-ferienpartner.de\/mobil\/kresten-palace\/#breadcrumb\"},\"inLanguage\":\"de\",\"potentialAction\":[{\"@type\":\"ReadAction\",\"target\":[\"https:\/\/www.ihr-ferienpartner.de\/mobil\/kresten-palace\/\"]}]},{\"@type\":\"ImageObject\",\"inLanguage\":\"de\",\"@id\":\"https:\/\/www.ihr-ferienpartner.de\/mobil\/kresten-palace\/#primaryimage\",\"url\":\"https:\/\/www.ihr-ferienpartner.de\/Rhodos\/KrestenPalace.jpg\",\"contentUrl\":\"https:\/\/www.ihr-ferienpartner.de\/Rhodos\/KrestenPalace.jpg\"},{\"@type\":\"BreadcrumbList\",\"@id\":\"https:\/\/www.ihr-ferienpartner.de\/mobil\/kresten-palace\/#breadcrumb\",\"itemListElement\":[{\"@type\":\"ListItem\",\"position\":1,\"name\":\"Startseite\",\"item\":\"https:\/\/www.ihr-ferienpartner.de\/mobil\/\"},{\"@type\":\"ListItem\",\"position\":2,\"name\":\"Kresten Palace\"}]},{\"@type\":\"WebSite\",\"@id\":\"https:\/\/www.ihr-ferienpartner.de\/mobil\/#website\",\"url\":\"https:\/\/www.ihr-ferienpartner.de\/mobil\/\",\"name\":\"FINDE DEIN SPONTANIEN - Reisen g\u00fcnstig buchen\",\"description\":\"Flugreisen im Preisvergleich mit flexiblen Terminen &amp; Abflughafen.\",\"publisher\":{\"@id\":\"https:\/\/www.ihr-ferienpartner.de\/mobil\/#organization\"},\"potentialAction\":[{\"@type\":\"SearchAction\",\"target\":{\"@type\":\"EntryPoint\",\"urlTemplate\":\"https:\/\/www.ihr-ferienpartner.de\/mobil\/?s={search_term_string}\"},\"query-input\":\"required name=search_term_string\"}],\"inLanguage\":\"de\"},{\"@type\":\"Organization\",\"@id\":\"https:\/\/www.ihr-ferienpartner.de\/mobil\/#organization\",\"name\":\"FINDE DEIN SPONTANIEN - Reisen g\u00fcnstig buchen\",\"url\":\"https:\/\/www.ihr-ferienpartner.de\/mobil\/\",\"logo\":{\"@type\":\"ImageObject\",\"inLanguage\":\"de\",\"@id\":\"https:\/\/www.ihr-ferienpartner.de\/mobil\/#\/schema\/logo\/image\/\",\"url\":\"https:\/\/www.ihr-ferienpartner.de\/mobil\/wp-content\/uploads\/2019\/10\/spontanien.jpg\",\"contentUrl\":\"https:\/\/www.ihr-ferienpartner.de\/mobil\/wp-content\/uploads\/2019\/10\/spontanien.jpg\",\"width\":818,\"height\":200,\"caption\":\"FINDE DEIN SPONTANIEN - Reisen g\u00fcnstig buchen\"},\"image\":{\"@id\":\"https:\/\/www.ihr-ferienpartner.de\/mobil\/#\/schema\/logo\/image\/\"}}]}<\/script>\n<!-- \/ Yoast SEO plugin. -->","yoast_head_json":{"title":"Kresten Palace - g\u00fcnstig Urlaub auf Rhodos buchen!","description":"Urlaub im Kresten Palace mit super Preis-Leistungs-Verh\u00e4ltnis buchen: mit Preisvergleich, flexibler Terminauswahl, alle Abflughafen.","robots":{"index":"index","follow":"follow","max-snippet":"max-snippet:-1","max-image-preview":"max-image-preview:large","max-video-preview":"max-video-preview:-1"},"canonical":"https:\/\/www.ihr-ferienpartner.de\/mobil\/kresten-palace\/","og_locale":"de_DE","og_type":"article","og_title":"Kresten Palace - g\u00fcnstig Urlaub auf Rhodos buchen!","og_description":"Urlaub im Kresten Palace mit super Preis-Leistungs-Verh\u00e4ltnis buchen: mit Preisvergleich, flexibler Terminauswahl, alle Abflughafen.","og_url":"https:\/\/www.ihr-ferienpartner.de\/mobil\/kresten-palace\/","og_site_name":"FINDE DEIN SPONTANIEN - Reisen g\u00fcnstig buchen","article_modified_time":"2024-06-27T13:09:27+00:00","og_image":[{"url":"https:\/\/www.ihr-ferienpartner.de\/Rhodos\/KrestenPalace.jpg"}],"twitter_card":"summary_large_image","twitter_misc":{"Gesch\u00e4tzte Lesezeit":"2\u00a0Minuten"},"schema":{"@context":"https:\/\/schema.org","@graph":[{"@type":"WebPage","@id":"https:\/\/www.ihr-ferienpartner.de\/mobil\/kresten-palace\/","url":"https:\/\/www.ihr-ferienpartner.de\/mobil\/kresten-palace\/","name":"Kresten Palace - g\u00fcnstig Urlaub auf Rhodos buchen!","isPartOf":{"@id":"https:\/\/www.ihr-ferienpartner.de\/mobil\/#website"},"primaryImageOfPage":{"@id":"https:\/\/www.ihr-ferienpartner.de\/mobil\/kresten-palace\/#primaryimage"},"image":{"@id":"https:\/\/www.ihr-ferienpartner.de\/mobil\/kresten-palace\/#primaryimage"},"thumbnailUrl":"https:\/\/www.ihr-ferienpartner.de\/Rhodos\/KrestenPalace.jpg","datePublished":"2024-06-27T13:09:26+00:00","dateModified":"2024-06-27T13:09:27+00:00","description":"Urlaub im Kresten Palace mit super Preis-Leistungs-Verh\u00e4ltnis buchen: mit Preisvergleich, flexibler Terminauswahl, alle Abflughafen.","breadcrumb":{"@id":"https:\/\/www.ihr-ferienpartner.de\/mobil\/kresten-palace\/#breadcrumb"},"inLanguage":"de","potentialAction":[{"@type":"ReadAction","target":["https:\/\/www.ihr-ferienpartner.de\/mobil\/kresten-palace\/"]}]},{"@type":"ImageObject","inLanguage":"de","@id":"https:\/\/www.ihr-ferienpartner.de\/mobil\/kresten-palace\/#primaryimage","url":"https:\/\/www.ihr-ferienpartner.de\/Rhodos\/KrestenPalace.jpg","contentUrl":"https:\/\/www.ihr-ferienpartner.de\/Rhodos\/KrestenPalace.jpg"},{"@type":"BreadcrumbList","@id":"https:\/\/www.ihr-ferienpartner.de\/mobil\/kresten-palace\/#breadcrumb","itemListElement":[{"@type":"ListItem","position":1,"name":"Startseite","item":"https:\/\/www.ihr-ferienpartner.de\/mobil\/"},{"@type":"ListItem","position":2,"name":"Kresten Palace"}]},{"@type":"WebSite","@id":"https:\/\/www.ihr-ferienpartner.de\/mobil\/#website","url":"https:\/\/www.ihr-ferienpartner.de\/mobil\/","name":"FINDE DEIN SPONTANIEN - Reisen g\u00fcnstig buchen","description":"Flugreisen im Preisvergleich mit flexiblen Terminen &amp; Abflughafen.","publisher":{"@id":"https:\/\/www.ihr-ferienpartner.de\/mobil\/#organization"},"potentialAction":[{"@type":"SearchAction","target":{"@type":"EntryPoint","urlTemplate":"https:\/\/www.ihr-ferienpartner.de\/mobil\/?s={search_term_string}"},"query-input":"required name=search_term_string"}],"inLanguage":"de"},{"@type":"Organization","@id":"https:\/\/www.ihr-ferienpartner.de\/mobil\/#organization","name":"FINDE DEIN SPONTANIEN - Reisen g\u00fcnstig buchen","url":"https:\/\/www.ihr-ferienpartner.de\/mobil\/","logo":{"@type":"ImageObject","inLanguage":"de","@id":"https:\/\/www.ihr-ferienpartner.de\/mobil\/#\/schema\/logo\/image\/","url":"https:\/\/www.ihr-ferienpartner.de\/mobil\/wp-content\/uploads\/2019\/10\/spontanien.jpg","contentUrl":"https:\/\/www.ihr-ferienpartner.de\/mobil\/wp-content\/uploads\/2019\/10\/spontanien.jpg","width":818,"height":200,"caption":"FINDE DEIN SPONTANIEN - Reisen g\u00fcnstig buchen"},"image":{"@id":"https:\/\/www.ihr-ferienpartner.de\/mobil\/#\/schema\/logo\/image\/"}}]}},"_links":{"self":[{"href":"https:\/\/www.ihr-ferienpartner.de\/mobil\/wp-json\/wp\/v2\/pages\/3910"}],"collection":[{"href":"https:\/\/www.ihr-ferienpartner.de\/mobil\/wp-json\/wp\/v2\/pages"}],"about":[{"href":"https:\/\/www.ihr-ferienpartner.de\/mobil\/wp-json\/wp\/v2\/types\/page"}],"author":[{"embeddable":true,"href":"https:\/\/www.ihr-ferienpartner.de\/mobil\/wp-json\/wp\/v2\/users\/1"}],"replies":[{"embeddable":true,"href":"https:\/\/www.ihr-ferienpartner.de\/mobil\/wp-json\/wp\/v2\/comments?post=3910"}],"version-history":[{"count":6,"href":"https:\/\/www.ihr-ferienpartner.de\/mobil\/wp-json\/wp\/v2\/pages\/3910\/revisions"}],"predecessor-version":[{"id":5239,"href":"https:\/\/www.ihr-ferienpartner.de\/mobil\/wp-json\/wp\/v2\/pages\/3910\/revisions\/5239"}],"wp:attachment":[{"href":"https:\/\/www.ihr-ferienpartner.de\/mobil\/wp-json\/wp\/v2\/media?parent=3910"}],"curies":[{"name":"wp","href":"https:\/\/api.w.org\/{rel}","templated":true}]}}