{"id":5494,"date":"2026-01-28T16:14:35","date_gmt":"2026-01-28T15:14:35","guid":{"rendered":"https:\/\/www.ihr-ferienpartner.de\/mobil\/?page_id=5494"},"modified":"2026-01-28T16:14:36","modified_gmt":"2026-01-28T15:14:36","slug":"herbstferien-ab-nrw","status":"publish","type":"page","link":"https:\/\/www.ihr-ferienpartner.de\/mobil\/herbstferien-ab-nrw\/","title":{"rendered":"Herbstferien 2026 \u2013 ab NRW Flughafen, z.B. ab K\u00f6ln &amp; D\u00fcsseldorf"},"content":{"rendered":"<div style=\"background-color: #ffffff; padding: 20px 20px 20px 20px;\">\n<h1>Herbstferien 2026 \u2013 ab NRW Flughafen, z.B. ab K\u00f6ln &#038; D\u00fcsseldorf<\/h1>\n<hr>\n<div style=\"background-color: #e1eaed; padding: 5px 10px 10px 10px;\">\n<strong>Nutzen Sie die Herbstferien (17.10.-01.11.2026 f\u00fcr NRW) um den Sommer zu verl\u00e4ngern!<\/strong> Aufgrund der Beliebtheit des Reisetermins r\u00e4t es sich m\u00f6glichst fr\u00fch Reisen zu buchen, um sich die besten Verf\u00fcgbarkeiten und die besten Preise zu sichern.\n<\/div>\n<hr>\n<p><a href=\"https:\/\/www.ihr-ferienpartner.de\/mobil\/dl-pauschal2\/?departures=CGN,DUS&amp;from=17.10.2026&amp;to=01.11.2026&amp;duration=7-7&amp;minRecommrate=80\" title=\"Herbstferien ab NRW\"><strong>Hier geht es zu allen verf\u00fcgbaren Reisezielen, mit:<\/strong><\/a><br \/>\n&#8211; 1 Woche in den NRW Herbstferien 2026<br \/>\n\u2013 ab NRW Flughafen, z.B. ab K\u00f6ln &#038; D\u00fcsseldorf<br \/>\n&#8211; Unterk\u00fcnften mit mind. 80% Weiterempfehlungsrate<br \/>\n<strong><a href=\"https:\/\/www.ihr-ferienpartner.de\/mobil\/dl-pauschal2\/?departures=CGN,DUS&amp;from=17.10.2026&amp;to=01.11.2026&amp;duration=7-7&amp;minRecommrate=80\" title=\"Herbstferien ab NRW\">zu den Angeboten &gt;&gt;<\/a><\/strong><\/p>\n<hr>\n<p><a href=\"https:\/\/www.ihr-ferienpartner.de\/mobil\/teneriffa\/?departures=CGN,DUS&amp;from=17.10.2026&amp;to=01.11.2026&amp;duration=7-7&amp;minRecommrate=80\" title=\"Teneriffa Herbstferien\"><strong>Teneriffa &gt;&gt;<\/strong><br \/>\n<img loading=\"lazy\" decoding=\"async\" src=\"https:\/\/www.ihr-ferienpartner.de\/Angebot\/Teneriffa.jpg\" alt=\"Teneriffa\" width=\"886\" height=\"147\"><\/a><\/p>\n<hr>\n<p><a href=\"https:\/\/www.ihr-ferienpartner.de\/mobil\/gran-canaria\/?departures=CGN,DUS&amp;from=17.10.2026&amp;to=01.11.2026&amp;duration=7-7&amp;minRecommrate=80\" title=\"Gran Canaria Herbstferien NRW\"><strong>Gran Canaria &gt;&gt;<\/strong><br \/>\n<img loading=\"lazy\" decoding=\"async\" src=\"https:\/\/www.ihr-ferienpartner.de\/Angebot\/GranCanaria.jpg\" alt=\"Gran Canaria\" width=\"886\" height=\"147\"><\/a><\/p>\n<hr>\n<p><a href=\"https:\/\/www.ihr-ferienpartner.de\/mobil\/tuerkei\/?departures=CGN,DUS&amp;from=17.10.2026&amp;to=01.11.2026&amp;duration=7-7&amp;minRecommrate=80&amp;regionId=149,144\" title=\"T\u00fcrkei Herbstferien\"><strong>T\u00fcrkei &gt;&gt;<\/strong><br \/>\n<img loading=\"lazy\" decoding=\"async\" src=\"https:\/\/www.ihr-ferienpartner.de\/Angebot\/Tuerkei.jpg\" alt=\"Tuerkei Herbstferien NRW\" width=\"886\" height=\"147\"><\/a><\/p>\n<hr>\n<p><a href=\"https:\/\/www.ihr-ferienpartner.de\/mobil\/aegypten\/?departures=CGN,DUS&amp;from=17.10.2026&amp;to=01.11.2026&amp;duration=7-7&amp;minRecommrate=80\" title=\"Herbstferien \u00c4gypten\"><strong>\u00c4gypten &gt;&gt;<\/strong><br \/>\n<img loading=\"lazy\" decoding=\"async\" src=\"https:\/\/www.ihr-ferienpartner.de\/Angebot\/Aegypten.jpg\" alt=\"Balearen Herbstferien ab DUS oder CGN\" width=\"886\" height=\"147\"><\/a><\/p>\n<hr>\n<p><a href=\"https:\/\/www.ihr-ferienpartner.de\/mobil\/kreta\/?departures=CGN,DUS&amp;from=17.10.2026&amp;to=01.11.2026&amp;duration=7-7&amp;minRecommrate=80\" title=\"Kreta Herbstferien\"><strong>Kreta &gt;&gt;<\/strong><br \/>\n<img loading=\"lazy\" decoding=\"async\" src=\"https:\/\/www.ihr-ferienpartner.de\/Angebot\/Kreta.jpg\" alt=\"Kreta Herbstferien ab NRW\" width=\"886\" height=\"147\"><\/a><\/p>\n<hr>\n<p><a href=\"https:\/\/www.ihr-ferienpartner.de\/mobil\/kos\/?departures=CGN,DUS&amp;from=17.10.2026&amp;to=01.11.2026&amp;duration=7-7&amp;minRecommrate=80\" title=\"Kos Herbstferien\"><strong>Kos &gt;&gt;<\/strong><br \/>\n<img loading=\"lazy\" decoding=\"async\" src=\"https:\/\/www.ihr-ferienpartner.de\/Angebot\/Insel-Kos.jpg\" alt=\"Kos Herbstferien NRW\" width=\"886\" height=\"147\"><\/a><\/p>\n<hr>\n<p><strong><a href=\"https:\/\/www.ihr-ferienpartner.de\/mobil\/dl-pauschal2\/?departures=CGN,DUS&amp;from=17.10.2026&amp;to=01.11.2026&amp;duration=7-7&amp;minRecommrate=80\" title=\"NRW Herbstferien ab DUS und CGN\">alle Regionen &amp; Hotels mit Verf\u00fcgbarkeiten ab K\u00f6ln oder D\u00fcsseldorf &gt;&gt;<\/a><\/strong><\/p>\n<hr>\n<p><img decoding=\"async\" src=\"https:\/\/www.ihr-ferienpartner.de\/Reisen\/Schulferien3.jpg\" alt=\"NRW Herbstferien Schulferien\"><\/p>\n<\/div>\n","protected":false},"excerpt":{"rendered":"<p>Herbstferien 2026 \u2013 ab NRW Flughafen, z.B. ab K\u00f6ln &#038; D\u00fcsseldorf Nutzen Sie die Herbstferien (17.10.-01.11.2026 f\u00fcr NRW) um den Sommer zu verl\u00e4ngern! Aufgrund der Beliebtheit des Reisetermins r\u00e4t es sich m\u00f6glichst fr\u00fch Reisen zu buchen, um sich die besten Verf\u00fcgbarkeiten und die besten Preise zu sichern. Hier geht es zu allen verf\u00fcgbaren Reisezielen, mit: [&hellip;]<\/p>\n","protected":false},"author":1,"featured_media":0,"parent":0,"menu_order":0,"comment_status":"closed","ping_status":"closed","template":"","meta":{"footnotes":""},"yoast_head":"<!-- This site is optimized with the Yoast SEO plugin v22.8 - https:\/\/yoast.com\/wordpress\/plugins\/seo\/ -->\n<title>Herbstferien 2026 - Reisen ab D\u00fcsseldorf &amp; K\u00f6ln<\/title>\n<meta name=\"description\" content=\"Last Minute und Fr\u00fchbucher in den Herbstferien (NRW) im Preisvergleich mit Hotel-Tipps und Bewertungen buchen.\" \/>\n<meta name=\"robots\" content=\"index, follow, max-snippet:-1, max-image-preview:large, max-video-preview:-1\" \/>\n<link rel=\"canonical\" href=\"https:\/\/www.ihr-ferienpartner.de\/mobil\/herbstferien-ab-nrw\/\" \/>\n<meta property=\"og:locale\" content=\"de_DE\" \/>\n<meta property=\"og:type\" content=\"article\" \/>\n<meta property=\"og:title\" content=\"Herbstferien 2026 - Reisen ab D\u00fcsseldorf &amp; K\u00f6ln\" \/>\n<meta property=\"og:description\" content=\"Last Minute und Fr\u00fchbucher in den Herbstferien (NRW) im Preisvergleich mit Hotel-Tipps und Bewertungen buchen.\" \/>\n<meta property=\"og:url\" content=\"https:\/\/www.ihr-ferienpartner.de\/mobil\/herbstferien-ab-nrw\/\" \/>\n<meta property=\"og:site_name\" content=\"FINDE DEIN SPONTANIEN - Reisen g\u00fcnstig buchen\" \/>\n<meta property=\"article:modified_time\" content=\"2026-01-28T15:14:36+00:00\" \/>\n<meta property=\"og:image\" content=\"https:\/\/www.ihr-ferienpartner.de\/Angebot\/Teneriffa.jpg\" \/>\n<meta name=\"twitter:card\" content=\"summary_large_image\" \/>\n<meta name=\"twitter:label1\" content=\"Gesch\u00e4tzte Lesezeit\" \/>\n\t<meta name=\"twitter:data1\" content=\"2\u00a0Minuten\" \/>\n<script type=\"application\/ld+json\" class=\"yoast-schema-graph\">{\"@context\":\"https:\/\/schema.org\",\"@graph\":[{\"@type\":\"WebPage\",\"@id\":\"https:\/\/www.ihr-ferienpartner.de\/mobil\/herbstferien-ab-nrw\/\",\"url\":\"https:\/\/www.ihr-ferienpartner.de\/mobil\/herbstferien-ab-nrw\/\",\"name\":\"Herbstferien 2026 - Reisen ab D\u00fcsseldorf & K\u00f6ln\",\"isPartOf\":{\"@id\":\"https:\/\/www.ihr-ferienpartner.de\/mobil\/#website\"},\"primaryImageOfPage\":{\"@id\":\"https:\/\/www.ihr-ferienpartner.de\/mobil\/herbstferien-ab-nrw\/#primaryimage\"},\"image\":{\"@id\":\"https:\/\/www.ihr-ferienpartner.de\/mobil\/herbstferien-ab-nrw\/#primaryimage\"},\"thumbnailUrl\":\"https:\/\/www.ihr-ferienpartner.de\/Angebot\/Teneriffa.jpg\",\"datePublished\":\"2026-01-28T15:14:35+00:00\",\"dateModified\":\"2026-01-28T15:14:36+00:00\",\"description\":\"Last Minute und Fr\u00fchbucher in den Herbstferien (NRW) im Preisvergleich mit Hotel-Tipps und Bewertungen buchen.\",\"breadcrumb\":{\"@id\":\"https:\/\/www.ihr-ferienpartner.de\/mobil\/herbstferien-ab-nrw\/#breadcrumb\"},\"inLanguage\":\"de\",\"potentialAction\":[{\"@type\":\"ReadAction\",\"target\":[\"https:\/\/www.ihr-ferienpartner.de\/mobil\/herbstferien-ab-nrw\/\"]}]},{\"@type\":\"ImageObject\",\"inLanguage\":\"de\",\"@id\":\"https:\/\/www.ihr-ferienpartner.de\/mobil\/herbstferien-ab-nrw\/#primaryimage\",\"url\":\"https:\/\/www.ihr-ferienpartner.de\/Angebot\/Teneriffa.jpg\",\"contentUrl\":\"https:\/\/www.ihr-ferienpartner.de\/Angebot\/Teneriffa.jpg\"},{\"@type\":\"BreadcrumbList\",\"@id\":\"https:\/\/www.ihr-ferienpartner.de\/mobil\/herbstferien-ab-nrw\/#breadcrumb\",\"itemListElement\":[{\"@type\":\"ListItem\",\"position\":1,\"name\":\"Startseite\",\"item\":\"https:\/\/www.ihr-ferienpartner.de\/mobil\/\"},{\"@type\":\"ListItem\",\"position\":2,\"name\":\"Herbstferien 2026 \u2013 ab NRW Flughafen, z.B. ab K\u00f6ln &amp; D\u00fcsseldorf\"}]},{\"@type\":\"WebSite\",\"@id\":\"https:\/\/www.ihr-ferienpartner.de\/mobil\/#website\",\"url\":\"https:\/\/www.ihr-ferienpartner.de\/mobil\/\",\"name\":\"FINDE DEIN SPONTANIEN - Reisen g\u00fcnstig buchen\",\"description\":\"Flugreisen im Preisvergleich mit flexiblen Terminen &amp; Abflughafen.\",\"publisher\":{\"@id\":\"https:\/\/www.ihr-ferienpartner.de\/mobil\/#organization\"},\"potentialAction\":[{\"@type\":\"SearchAction\",\"target\":{\"@type\":\"EntryPoint\",\"urlTemplate\":\"https:\/\/www.ihr-ferienpartner.de\/mobil\/?s={search_term_string}\"},\"query-input\":\"required name=search_term_string\"}],\"inLanguage\":\"de\"},{\"@type\":\"Organization\",\"@id\":\"https:\/\/www.ihr-ferienpartner.de\/mobil\/#organization\",\"name\":\"FINDE DEIN SPONTANIEN - Reisen g\u00fcnstig buchen\",\"url\":\"https:\/\/www.ihr-ferienpartner.de\/mobil\/\",\"logo\":{\"@type\":\"ImageObject\",\"inLanguage\":\"de\",\"@id\":\"https:\/\/www.ihr-ferienpartner.de\/mobil\/#\/schema\/logo\/image\/\",\"url\":\"https:\/\/www.ihr-ferienpartner.de\/mobil\/wp-content\/uploads\/2019\/10\/spontanien.jpg\",\"contentUrl\":\"https:\/\/www.ihr-ferienpartner.de\/mobil\/wp-content\/uploads\/2019\/10\/spontanien.jpg\",\"width\":818,\"height\":200,\"caption\":\"FINDE DEIN SPONTANIEN - Reisen g\u00fcnstig buchen\"},\"image\":{\"@id\":\"https:\/\/www.ihr-ferienpartner.de\/mobil\/#\/schema\/logo\/image\/\"}}]}<\/script>\n<!-- \/ Yoast SEO plugin. -->","yoast_head_json":{"title":"Herbstferien 2026 - Reisen ab D\u00fcsseldorf & K\u00f6ln","description":"Last Minute und Fr\u00fchbucher in den Herbstferien (NRW) im Preisvergleich mit Hotel-Tipps und Bewertungen buchen.","robots":{"index":"index","follow":"follow","max-snippet":"max-snippet:-1","max-image-preview":"max-image-preview:large","max-video-preview":"max-video-preview:-1"},"canonical":"https:\/\/www.ihr-ferienpartner.de\/mobil\/herbstferien-ab-nrw\/","og_locale":"de_DE","og_type":"article","og_title":"Herbstferien 2026 - Reisen ab D\u00fcsseldorf & K\u00f6ln","og_description":"Last Minute und Fr\u00fchbucher in den Herbstferien (NRW) im Preisvergleich mit Hotel-Tipps und Bewertungen buchen.","og_url":"https:\/\/www.ihr-ferienpartner.de\/mobil\/herbstferien-ab-nrw\/","og_site_name":"FINDE DEIN SPONTANIEN - Reisen g\u00fcnstig buchen","article_modified_time":"2026-01-28T15:14:36+00:00","og_image":[{"url":"https:\/\/www.ihr-ferienpartner.de\/Angebot\/Teneriffa.jpg"}],"twitter_card":"summary_large_image","twitter_misc":{"Gesch\u00e4tzte Lesezeit":"2\u00a0Minuten"},"schema":{"@context":"https:\/\/schema.org","@graph":[{"@type":"WebPage","@id":"https:\/\/www.ihr-ferienpartner.de\/mobil\/herbstferien-ab-nrw\/","url":"https:\/\/www.ihr-ferienpartner.de\/mobil\/herbstferien-ab-nrw\/","name":"Herbstferien 2026 - Reisen ab D\u00fcsseldorf & K\u00f6ln","isPartOf":{"@id":"https:\/\/www.ihr-ferienpartner.de\/mobil\/#website"},"primaryImageOfPage":{"@id":"https:\/\/www.ihr-ferienpartner.de\/mobil\/herbstferien-ab-nrw\/#primaryimage"},"image":{"@id":"https:\/\/www.ihr-ferienpartner.de\/mobil\/herbstferien-ab-nrw\/#primaryimage"},"thumbnailUrl":"https:\/\/www.ihr-ferienpartner.de\/Angebot\/Teneriffa.jpg","datePublished":"2026-01-28T15:14:35+00:00","dateModified":"2026-01-28T15:14:36+00:00","description":"Last Minute und Fr\u00fchbucher in den Herbstferien (NRW) im Preisvergleich mit Hotel-Tipps und Bewertungen buchen.","breadcrumb":{"@id":"https:\/\/www.ihr-ferienpartner.de\/mobil\/herbstferien-ab-nrw\/#breadcrumb"},"inLanguage":"de","potentialAction":[{"@type":"ReadAction","target":["https:\/\/www.ihr-ferienpartner.de\/mobil\/herbstferien-ab-nrw\/"]}]},{"@type":"ImageObject","inLanguage":"de","@id":"https:\/\/www.ihr-ferienpartner.de\/mobil\/herbstferien-ab-nrw\/#primaryimage","url":"https:\/\/www.ihr-ferienpartner.de\/Angebot\/Teneriffa.jpg","contentUrl":"https:\/\/www.ihr-ferienpartner.de\/Angebot\/Teneriffa.jpg"},{"@type":"BreadcrumbList","@id":"https:\/\/www.ihr-ferienpartner.de\/mobil\/herbstferien-ab-nrw\/#breadcrumb","itemListElement":[{"@type":"ListItem","position":1,"name":"Startseite","item":"https:\/\/www.ihr-ferienpartner.de\/mobil\/"},{"@type":"ListItem","position":2,"name":"Herbstferien 2026 \u2013 ab NRW Flughafen, z.B. ab K\u00f6ln &amp; D\u00fcsseldorf"}]},{"@type":"WebSite","@id":"https:\/\/www.ihr-ferienpartner.de\/mobil\/#website","url":"https:\/\/www.ihr-ferienpartner.de\/mobil\/","name":"FINDE DEIN SPONTANIEN - Reisen g\u00fcnstig buchen","description":"Flugreisen im Preisvergleich mit flexiblen Terminen &amp; Abflughafen.","publisher":{"@id":"https:\/\/www.ihr-ferienpartner.de\/mobil\/#organization"},"potentialAction":[{"@type":"SearchAction","target":{"@type":"EntryPoint","urlTemplate":"https:\/\/www.ihr-ferienpartner.de\/mobil\/?s={search_term_string}"},"query-input":"required name=search_term_string"}],"inLanguage":"de"},{"@type":"Organization","@id":"https:\/\/www.ihr-ferienpartner.de\/mobil\/#organization","name":"FINDE DEIN SPONTANIEN - Reisen g\u00fcnstig buchen","url":"https:\/\/www.ihr-ferienpartner.de\/mobil\/","logo":{"@type":"ImageObject","inLanguage":"de","@id":"https:\/\/www.ihr-ferienpartner.de\/mobil\/#\/schema\/logo\/image\/","url":"https:\/\/www.ihr-ferienpartner.de\/mobil\/wp-content\/uploads\/2019\/10\/spontanien.jpg","contentUrl":"https:\/\/www.ihr-ferienpartner.de\/mobil\/wp-content\/uploads\/2019\/10\/spontanien.jpg","width":818,"height":200,"caption":"FINDE DEIN SPONTANIEN - Reisen g\u00fcnstig buchen"},"image":{"@id":"https:\/\/www.ihr-ferienpartner.de\/mobil\/#\/schema\/logo\/image\/"}}]}},"_links":{"self":[{"href":"https:\/\/www.ihr-ferienpartner.de\/mobil\/wp-json\/wp\/v2\/pages\/5494"}],"collection":[{"href":"https:\/\/www.ihr-ferienpartner.de\/mobil\/wp-json\/wp\/v2\/pages"}],"about":[{"href":"https:\/\/www.ihr-ferienpartner.de\/mobil\/wp-json\/wp\/v2\/types\/page"}],"author":[{"embeddable":true,"href":"https:\/\/www.ihr-ferienpartner.de\/mobil\/wp-json\/wp\/v2\/users\/1"}],"replies":[{"embeddable":true,"href":"https:\/\/www.ihr-ferienpartner.de\/mobil\/wp-json\/wp\/v2\/comments?post=5494"}],"version-history":[{"count":6,"href":"https:\/\/www.ihr-ferienpartner.de\/mobil\/wp-json\/wp\/v2\/pages\/5494\/revisions"}],"predecessor-version":[{"id":5844,"href":"https:\/\/www.ihr-ferienpartner.de\/mobil\/wp-json\/wp\/v2\/pages\/5494\/revisions\/5844"}],"wp:attachment":[{"href":"https:\/\/www.ihr-ferienpartner.de\/mobil\/wp-json\/wp\/v2\/media?parent=5494"}],"curies":[{"name":"wp","href":"https:\/\/api.w.org\/{rel}","templated":true}]}}